{"id":39023,"date":"2025-01-08T14:06:06","date_gmt":"2025-01-08T13:06:06","guid":{"rendered":"https:\/\/plsk.eu\/projekty\/razem-bezpieczniej-integracja-polskich-i-slowackich-sluzb-pozarnych-i-ratowniczych\/"},"modified":"2026-03-03T15:48:05","modified_gmt":"2026-03-03T14:48:05","slug":"spolocne-bezpecnejsie-integracia-polskeho-a-slovenskeho-hasicskeho-a-zachranneho-zboru","status":"publish","type":"historii","link":"https:\/\/plsk.eu\/sk\/projekty\/spolocne-bezpecnejsie-integracia-polskeho-a-slovenskeho-hasicskeho-a-zachranneho-zboru\/","title":{"rendered":"Spolo\u010dne bezpe\u010dnej\u0161ie \u2013 integr\u00e1cia po\u013esk\u00e9ho a slovensk\u00e9ho hasi\u010dsk\u00e9ho a z\u00e1chrann\u00e9ho zboru"},"content":{"rendered":"\n<p>Cie\u013eom projektu je zv\u00fd\u0161i\u0165 odolnos\u0165 vo\u010di klimatick\u00fdm zmen\u00e1m a extr\u00e9mnym javom (po\u017eiare, povodne) zlep\u0161en\u00edm cezhrani\u010dnej spolupr\u00e1ce v oblasti bezpe\u010dnosti \u013eud\u00ed a kr\u00edzov\u00e9ho mana\u017ementu. Projekt umo\u017en\u00ed vykon\u00e1va\u0165 spolo\u010dn\u00e9 z\u00e1chrann\u00e9 a hasi\u010dsk\u00e9 oper\u00e1cie po\u013esk\u00fdmi a slovensk\u00fdmi hasi\u010dsk\u00fdmi zbormi v s\u00favislosti s: rozsahom udalosti, efekt\u00edvna likvid\u00e1cia hrozby si vy\u017eaduje pou\u017eitie s\u00edl a prostriedkov presahuj\u00facich kapacity miestnej z\u00e1chrannej jednotky; miesta udalosti, r\u00fdchlej\u0161\u00ed pr\u00edchod jednotiek z druhej strany hranice na miesto udalosti; povahou udalosti, \u0161pecifick\u00e1 povaha udalosti si vy\u017eaduje jej likvid\u00e1ciu s\u00fa\u010dasne na oboch stran\u00e1ch strany hranice. <\/p>\n\n\n\n<p>Projekt pozost\u00e1va z: <\/p>\n\n\n\n<ul class=\"wp-block-list\">\n<li>vytvorenia form\u00e1lneho z\u00e1kladu pre spolo\u010dn\u00e9 aktivity po\u013esk\u00fdch a slovensk\u00fdch z\u00e1chrann\u00fdch zlo\u017eiek &#8211; vypracovanie postupu vz\u00e1jomnej informovanosti o hrozb\u00e1ch a pravidiel poskytovania a prij\u00edmania zahrani\u010dnej z\u00e1chrannej pomoci v oblasti Malopo\u013esk\u00e9ho vojvodstva a Pre\u0161ovsk\u00e9ho kraja, vytvorenie siete kontaktov pre okresn\u00e9 stredisk\u00e1 kr\u00edzov\u00e9ho riadenia; <\/li>\n\n\n\n<li>v\u00fdstavby cezhrani\u010dnej r\u00e1diokomunika\u010dnej siete &#8211; in\u0161tal\u00e1cia telekomunika\u010dn\u00fdch zariaden\u00ed v lokalit\u00e1ch, ktor\u00e9 maj\u00fa \u017eiadatelia k dispoz\u00edcii &#8211; zv\u00fd\u0161i\u0165 pokrytie r\u00e1diokomunika\u010dnou sie\u0165ou zo 74% na po\u013eskej strane a 0% na slovenskej strane na \u00farove\u0148 98% i 99% na oboch stran\u00e1ch hranice; <\/li>\n\n\n\n<li>n\u00e1kupu vybavenia pre po\u013esk\u00e9 a slovensk\u00e9 z\u00e1chrann\u00e9 zlo\u017eky, ur\u010den\u00e9ho na vykon\u00e1vanie spolo\u010dn\u00fdch aktiv\u00edt vypl\u00fdvaj\u00facich z povahy hrozieb pri zoh\u013eadnen\u00ed mo\u017enost\u00ed integr\u00e1cie zariaden\u00ed s cie\u013eom zv\u00fd\u0161i\u0165 ich efekt\u00edvnos\u0165; <\/li>\n\n\n\n<li>organizovania ter\u00e9nnych v\u00fdcvikov, ktor\u00e9 pripravia po\u013esk\u00e9 a slovensk\u00e9 z\u00e1chrann\u00e9 slu\u017eby na spolo\u010dn\u00e9 aktivity; <\/li>\n\n\n\n<li>vykon\u00e1vanie informa\u010dn\u00fdch \u010dinnost\u00ed t\u00fdkaj\u00facich sa realiz\u00e1cie projektu a pravidiel spr\u00e1vania sa v situ\u00e1cii ohrozenia. <\/li>\n<\/ul>\n","protected":false},"featured_media":28906,"menu_order":0,"template":"","meta":{"_acf_changed":false,"inline_featured_image":false,"_themeisle_gutenberg_block_has_review":false,"footnotes":"","_links_to":"","_links_to_target":""},"kategoria_historii":[1928],"historii_partner_wiodacy":[2270],"historii_partner_projektu":[2345],"regiony":[],"powiaty":[],"class_list":["post-39023","historii","type-historii","status-publish","has-post-thumbnail","hentry","kategoria_historii-2021-2027-sk","historii_partner_wiodacy-vojvodske-velitelstvo-statneho-poziarneho-zboru-v-krakove","historii_partner_projektu-ministerstvo-vnutra-slovenskej-republiky"],"acf":[],"_links":{"self":[{"href":"https:\/\/plsk.eu\/sk\/wp-json\/wp\/v2\/historii\/39023","targetHints":{"allow":["GET"]}}],"collection":[{"href":"https:\/\/plsk.eu\/sk\/wp-json\/wp\/v2\/historii"}],"about":[{"href":"https:\/\/plsk.eu\/sk\/wp-json\/wp\/v2\/types\/historii"}],"version-history":[{"count":5,"href":"https:\/\/plsk.eu\/sk\/wp-json\/wp\/v2\/historii\/39023\/revisions"}],"predecessor-version":[{"id":43025,"href":"https:\/\/plsk.eu\/sk\/wp-json\/wp\/v2\/historii\/39023\/revisions\/43025"}],"wp:featuredmedia":[{"embeddable":true,"href":"https:\/\/plsk.eu\/sk\/wp-json\/wp\/v2\/media\/28906"}],"wp:attachment":[{"href":"https:\/\/plsk.eu\/sk\/wp-json\/wp\/v2\/media?parent=39023"}],"wp:term":[{"taxonomy":"kategoria_historii","embeddable":true,"href":"https:\/\/plsk.eu\/sk\/wp-json\/wp\/v2\/kategoria_historii?post=39023"},{"taxonomy":"historii_partner_wiodacy","embeddable":true,"href":"https:\/\/plsk.eu\/sk\/wp-json\/wp\/v2\/historii_partner_wiodacy?post=39023"},{"taxonomy":"historii_partner_projektu","embeddable":true,"href":"https:\/\/plsk.eu\/sk\/wp-json\/wp\/v2\/historii_partner_projektu?post=39023"},{"taxonomy":"regiony","embeddable":true,"href":"https:\/\/plsk.eu\/sk\/wp-json\/wp\/v2\/regiony?post=39023"},{"taxonomy":"powiaty","embeddable":true,"href":"https:\/\/plsk.eu\/sk\/wp-json\/wp\/v2\/powiaty?post=39023"}],"curies":[{"name":"wp","href":"https:\/\/api.w.org\/{rel}","templated":true}]}}

Spoločne bezpečnejšie – integrácia poľského a slovenského hasičského a záchranného zboru

<p>Cieľom projektu je zvýšiť odolnosť voči klimatickým zmenám a extrémnym javom (požiare, povodne) zlepšením cezhraničnej spolupráce v oblasti bezpečnosti ľudí a krízového manažmentu. Projekt umožní vykonávať spoločné záchranné a hasičské operácie poľskými a slovenskými hasičskými zbormi v súvislosti s: rozsahom udalosti, efektívna likvidácia hrozby si vyžaduje použitie síl a prostriedkov presahujúcich kapacity miestnej záchrannej jednotky; miesta udalosti, rýchlejší príchod jednotiek z druhej strany hranice na miesto udalosti; povahou udalosti, špecifická povaha udalosti si vyžaduje jej likvidáciu súčasne na oboch stranách strany hranice. </p>



<p>Projekt pozostáva z: </p>



<ul class="wp-block-list">
<li>vytvorenia formálneho základu pre spoločné aktivity poľských a slovenských záchranných zložiek &#8211; vypracovanie postupu vzájomnej informovanosti o hrozbách a pravidiel poskytovania a prijímania zahraničnej záchrannej pomoci v oblasti Malopoľského vojvodstva a Prešovského kraja, vytvorenie siete kontaktov pre okresné strediská krízového riadenia; </li>



<li>výstavby cezhraničnej rádiokomunikačnej siete &#8211; inštalácia telekomunikačných zariadení v lokalitách, ktoré majú žiadatelia k dispozícii &#8211; zvýšiť pokrytie rádiokomunikačnou sieťou zo 74% na poľskej strane a 0% na slovenskej strane na úroveň 98% i 99% na oboch stranách hranice; </li>



<li>nákupu vybavenia pre poľské a slovenské záchranné zložky, určeného na vykonávanie spoločných aktivít vyplývajúcich z povahy hrozieb pri zohľadnení možností integrácie zariadení s cieľom zvýšiť ich efektívnosť; </li>



<li>organizovania terénnych výcvikov, ktoré pripravia poľské a slovenské záchranné služby na spoločné aktivity; </li>



<li>vykonávanie informačných činností týkajúcich sa realizácie projektu a pravidiel správania sa v situácii ohrozenia. </li>
</ul>
