{"id":39092,"date":"2025-01-08T16:25:12","date_gmt":"2025-01-08T15:25:12","guid":{"rendered":"https:\/\/plsk.eu\/projekty\/poznaj-bieszczady-polsko-slowackie-przez-elektromobilnosc\/"},"modified":"2026-01-12T09:17:45","modified_gmt":"2026-01-12T08:17:45","slug":"preskumajte-polsko-slovenske-bieszczady-prostrednictvom-elektromobility","status":"publish","type":"historii","link":"https:\/\/plsk.eu\/sk\/projekty\/preskumajte-polsko-slovenske-bieszczady-prostrednictvom-elektromobility\/","title":{"rendered":"Presk\u00famajte po\u013esko-slovensk\u00e9 Bieszczady prostredn\u00edctvom elektromobility"},"content":{"rendered":"\n<p>Projekt sa t\u00fdka zavedenia verejne pr\u00edstupn\u00fdch elektrobicyklov v obciach po\u013esko-slovensk\u00e9ho pohrani\u010dia. Pohrani\u010die je vzh\u013eadom na svoju topografiu \u0165a\u017eko pr\u00edstupnou oblas\u0165ou. Nach\u00e1dzaj\u00fa sa tu hory a kopce. Doprava v obciach je vo ve\u013ekej miere zalo\u017een\u00e1 na pou\u017e\u00edvan\u00ed automobilov. Partneri projektu sa rozhodli, \u017ee chc\u00fa zlep\u0161i\u0165 kvalitu a bezpe\u010dnos\u0165 cestovania vo svojej oblasti a z\u00e1rove\u0148 sa postara\u0165 o \u017eivotn\u00e9 prostredie. V\u00fdsledkom spolo\u010dn\u00fdch \u00favah bolo rozhodnutie zavies\u0165 nezne\u010dis\u0165uj\u00face druhy dopravy, ktor\u00e9 sa dostan\u00fa aj do najn\u00e1ro\u010dnej\u0161\u00edch oblast\u00ed. Rozhodlo sa o zaveden\u00ed cyklistickej dopravy &#8211; elektrobicyklov. V r\u00e1mci projektu sa zak\u00fapia: &#8211; elektrick\u00e9 bicykle, &#8211; stojany a nab\u00edja\u010dky, &#8211; nab\u00edja\u010dky bicyklov, &#8211; GPS + aplik\u00e1cia pre telef\u00f3n. Integra\u010dn\u00e9 podujatia sa bud\u00fa organizova\u0165 aj v Po\u013esku a na Slovensku. Elektrobicykle bude mo\u017en\u00e9 pou\u017e\u00edva\u0165 na cestovanie po obciach, ktor\u00e9 projekt realizuj\u00fa. Na bicykli bude mo\u017en\u00e9 prejs\u0165 do susednej obce, \u010do umo\u017en\u00ed lep\u0161iu integr\u00e1ciu s tamoj\u0161\u00edmi obyvate\u013emi. Hlavn\u00fdm cie\u013eom projektu je zlep\u0161i\u0165 mobilitu obyvate\u013eov a turistov a podpori\u0165 v\u00e4\u010d\u0161iu hospod\u00e1rsku a soci\u00e1lnu integr\u00e1ciu.Cie\u013e sa bude realizova\u0165 prostredn\u00edctvom: &#8211; n\u00e1kupu elektrick\u00fdch bicyklov a ich zavedenia ako dopravn\u00e9ho prostriedku v obciach, &#8211; podpory udr\u017eate\u013enej mobility bez zne\u010distenia. Aktivity bud\u00fa zameran\u00e9 na rie\u0161enie spolo\u010dn\u00fdch probl\u00e9mov partnerov, a to &#8211; \u0165a\u017eko dostupn\u00e9 horsk\u00e9 oblasti pre \u0161tandardn\u00e9 druhy dopravy, &#8211; zvy\u0161uj\u00face sa zne\u010distenie ovzdu\u0161ia v d\u00f4sledku intenz\u00edvnej dopravy, &#8211; nevyu\u017eit\u00fd potenci\u00e1l oblast\u00ed v po\u013esko-slovenskom pohrani\u010d\u00ed. Hlavn\u00fdmi produktmi, ktor\u00e9 vznikn\u00fa ako v\u00fdsledok projektu, bud\u00fa: &#8211; zak\u00fapen\u00e9 elektrobicykle s nab\u00edja\u010dkami &#8211; GPS + aplik\u00e1cia pre bicykle.<\/p>\n","protected":false},"featured_media":28906,"menu_order":0,"template":"","meta":{"_acf_changed":false,"inline_featured_image":false,"_themeisle_gutenberg_block_has_review":false,"footnotes":"","_links_to":"","_links_to_target":""},"kategoria_historii":[1928],"historii_partner_wiodacy":[2853],"historii_partner_projektu":[2511,2855,2857],"regiony":[],"powiaty":[],"class_list":["post-39092","historii","type-historii","status-publish","has-post-thumbnail","hentry","kategoria_historii-2021-2027-sk","historii_partner_wiodacy-obec-solina","historii_partner_projektu-obec-cisna","historii_partner_projektu-obec-olszanica","historii_partner_projektu-obec-vysna-jedlova"],"acf":[],"_links":{"self":[{"href":"https:\/\/plsk.eu\/sk\/wp-json\/wp\/v2\/historii\/39092","targetHints":{"allow":["GET"]}}],"collection":[{"href":"https:\/\/plsk.eu\/sk\/wp-json\/wp\/v2\/historii"}],"about":[{"href":"https:\/\/plsk.eu\/sk\/wp-json\/wp\/v2\/types\/historii"}],"version-history":[{"count":2,"href":"https:\/\/plsk.eu\/sk\/wp-json\/wp\/v2\/historii\/39092\/revisions"}],"predecessor-version":[{"id":42547,"href":"https:\/\/plsk.eu\/sk\/wp-json\/wp\/v2\/historii\/39092\/revisions\/42547"}],"wp:featuredmedia":[{"embeddable":true,"href":"https:\/\/plsk.eu\/sk\/wp-json\/wp\/v2\/media\/28906"}],"wp:attachment":[{"href":"https:\/\/plsk.eu\/sk\/wp-json\/wp\/v2\/media?parent=39092"}],"wp:term":[{"taxonomy":"kategoria_historii","embeddable":true,"href":"https:\/\/plsk.eu\/sk\/wp-json\/wp\/v2\/kategoria_historii?post=39092"},{"taxonomy":"historii_partner_wiodacy","embeddable":true,"href":"https:\/\/plsk.eu\/sk\/wp-json\/wp\/v2\/historii_partner_wiodacy?post=39092"},{"taxonomy":"historii_partner_projektu","embeddable":true,"href":"https:\/\/plsk.eu\/sk\/wp-json\/wp\/v2\/historii_partner_projektu?post=39092"},{"taxonomy":"regiony","embeddable":true,"href":"https:\/\/plsk.eu\/sk\/wp-json\/wp\/v2\/regiony?post=39092"},{"taxonomy":"powiaty","embeddable":true,"href":"https:\/\/plsk.eu\/sk\/wp-json\/wp\/v2\/powiaty?post=39092"}],"curies":[{"name":"wp","href":"https:\/\/api.w.org\/{rel}","templated":true}]}}

Preskúmajte poľsko-slovenské Bieszczady prostredníctvom elektromobility

<p>Projekt sa týka zavedenia verejne prístupných elektrobicyklov v obciach poľsko-slovenského pohraničia. Pohraničie je vzhľadom na svoju topografiu ťažko prístupnou oblasťou. Nachádzajú sa tu hory a kopce. Doprava v obciach je vo veľkej miere založená na používaní automobilov. Partneri projektu sa rozhodli, že chcú zlepšiť kvalitu a bezpečnosť cestovania vo svojej oblasti a zároveň sa postarať o životné prostredie. Výsledkom spoločných úvah bolo rozhodnutie zaviesť neznečisťujúce druhy dopravy, ktoré sa dostanú aj do najnáročnejších oblastí. Rozhodlo sa o zavedení cyklistickej dopravy &#8211; elektrobicyklov. V rámci projektu sa zakúpia: &#8211; elektrické bicykle, &#8211; stojany a nabíjačky, &#8211; nabíjačky bicyklov, &#8211; GPS + aplikácia pre telefón. Integračné podujatia sa budú organizovať aj v Poľsku a na Slovensku. Elektrobicykle bude možné používať na cestovanie po obciach, ktoré projekt realizujú. Na bicykli bude možné prejsť do susednej obce, čo umožní lepšiu integráciu s tamojšími obyvateľmi. Hlavným cieľom projektu je zlepšiť mobilitu obyvateľov a turistov a podporiť väčšiu hospodársku a sociálnu integráciu.Cieľ sa bude realizovať prostredníctvom: &#8211; nákupu elektrických bicyklov a ich zavedenia ako dopravného prostriedku v obciach, &#8211; podpory udržateľnej mobility bez znečistenia. Aktivity budú zamerané na riešenie spoločných problémov partnerov, a to &#8211; ťažko dostupné horské oblasti pre štandardné druhy dopravy, &#8211; zvyšujúce sa znečistenie ovzdušia v dôsledku intenzívnej dopravy, &#8211; nevyužitý potenciál oblastí v poľsko-slovenskom pohraničí. Hlavnými produktmi, ktoré vzniknú ako výsledok projektu, budú: &#8211; zakúpené elektrobicykle s nabíjačkami &#8211; GPS + aplikácia pre bicykle.</p>
