{"id":39138,"date":"2025-01-09T14:51:52","date_gmt":"2025-01-09T13:51:52","guid":{"rendered":"https:\/\/plsk.eu\/projekty\/poprawa-jakosci-transgranicznego-polaczenia-drogowego-pomiedzy-gmina-istebna-a-gmina-cierne\/"},"modified":"2025-04-11T14:29:08","modified_gmt":"2025-04-11T12:29:08","slug":"zlepsenie-kvality-cezhranicneho-cestneho-spojenia-medzi-obcou-istebna-a-obcou-cierne","status":"publish","type":"historii","link":"https:\/\/plsk.eu\/sk\/projekty\/zlepsenie-kvality-cezhranicneho-cestneho-spojenia-medzi-obcou-istebna-a-obcou-cierne\/","title":{"rendered":"Zlep\u0161enie kvality cezhrani\u010dn\u00e9ho cestn\u00e9ho spojenia medzi obcou Istebna a obcou \u010cierne"},"content":{"rendered":"\n<p>Cie\u013eom projektu je zv\u00fd\u0161i\u0165 komunika\u010dn\u00fa dostupnos\u0165 cezhrani\u010dn\u00e9ho cestn\u00e9ho prepojenia medzi obcou Istebna a obcou \u010cierne v Jaworzynke. Toto cezhrani\u010dn\u00e9 dopravn\u00e9 prepojenie vzniklo v predch\u00e1dzaj\u00facej perspekt\u00edve (2014-2020) v r\u00e1mci partnersk\u00e9ho projektu Obce Istebna a Obce \u010cierne \u201eVybudovanie cezhrani\u010dn\u00e9ho dopravn\u00e9ho prepojenia Jaworzynka &#8211; \u010cierne &#8211; Skalite (1 a 2.etapa) &#8211; predt\u00fdm partnersk\u00e9 obce nemali priame cestn\u00e9 spojenie cez po\u013esko-slovensk\u00fa hranicu, aj ke\u010f spolu susedia. V s\u00fa\u010dasnosti je potrebn\u00e9 zlep\u0161i\u0165 technick\u00fd stav cestnej infra\u0161trukt\u00fary ved\u00facej k tomuto spojeniu medzi Po\u013eskom a Slovenskom tak, aby umo\u017enili obyvate\u013eom a turistom bezpe\u010dne cestova\u0165 do susednej krajiny. To m\u00e1 stimulova\u0165 rozvoj a integr\u00e1ciu spolo\u010dn\u00e9ho turistick\u00e9ho trhu a vyu\u017e\u00edvanie turistick\u00fdch atrakci\u00ed v pohrani\u010dnej oblasti. Realiz\u00e1cia projektu znamen\u00e1 vytvorenie podmienok pre zv\u00fd\u0161enie konkurencieschopnosti v prihrani\u010dnom regi\u00f3ne bojom proti ekonomickej a soci\u00e1lnej marginaliz\u00e1cii a zv\u00fd\u0161enie turistickej a investi\u010dnej atraktivity v\u010faka zlep\u0161eniu stavu cezhrani\u010dnej cestnej infra\u0161trukt\u00fary. Ciele projektu sa dosiahnu prostredn\u00edctvom: &#8211; na po\u013eskej strane &#8211; rekon\u0161trukcia okresnej cesty 2644S v Jaworzynke v obci Istebna v \u00faseku 1,5 km od kruhov\u00e9ho objazdu s krajsk\u00fdmi cestami 943 a 941 po kri\u017eovatku s mestskou cestou v lokalite \u010d.819. &#8211; na slovenskej strane &#8211; rekon\u0161trukcia a rekon\u0161trukcia cesty III\/2010 ved\u00facej cez centrum obce \u010cierne, kde sa s\u00fastre\u010fuje \u017eivot obyvate\u013eov. S\u00fa\u010das\u0165ou projektu s\u00fa dve cesty &#8211; cesta III\/2010 a miestna komunik\u00e1cia MK 10-1. Cesta III\/2010 je cestou region\u00e1lneho v\u00fdznamu. D\u013a\u017eka modernizovan\u00fdch \u00fasekov &#8211; 3 106 m &#8212; spolo\u010dn\u00e1 komunik\u00e1cia projektu &#8211; informa\u010dn\u00e9 a propaga\u010dn\u00e9 tabule na oboch stran\u00e1ch hranice, zverejnenie inform\u00e1ci\u00ed o realizovanom projekte na webov\u00fdch str\u00e1nkach partnerov, konferencia sumarizuj\u00faca projekt a prezent\u00e1cia efektov projektu. kurz v EUR 4,51 \u201eSmernice Ministerstva financi\u00ed 10.2023<\/p>\n","protected":false},"featured_media":39944,"menu_order":0,"template":"","meta":{"_acf_changed":false,"inline_featured_image":false,"_themeisle_gutenberg_block_has_review":false,"footnotes":"","_links_to":"","_links_to_target":""},"kategoria_historii":[1928],"historii_partner_wiodacy":[2302],"historii_partner_projektu":[2460],"regiony":[],"powiaty":[],"class_list":["post-39138","historii","type-historii","status-publish","has-post-thumbnail","hentry","kategoria_historii-2021-2027-sk","historii_partner_wiodacy-powiat-cieszynski-sk","historii_partner_projektu-obec-cierne"],"acf":[],"_links":{"self":[{"href":"https:\/\/plsk.eu\/sk\/wp-json\/wp\/v2\/historii\/39138","targetHints":{"allow":["GET"]}}],"collection":[{"href":"https:\/\/plsk.eu\/sk\/wp-json\/wp\/v2\/historii"}],"about":[{"href":"https:\/\/plsk.eu\/sk\/wp-json\/wp\/v2\/types\/historii"}],"version-history":[{"count":2,"href":"https:\/\/plsk.eu\/sk\/wp-json\/wp\/v2\/historii\/39138\/revisions"}],"predecessor-version":[{"id":39318,"href":"https:\/\/plsk.eu\/sk\/wp-json\/wp\/v2\/historii\/39138\/revisions\/39318"}],"wp:featuredmedia":[{"embeddable":true,"href":"https:\/\/plsk.eu\/sk\/wp-json\/wp\/v2\/media\/39944"}],"wp:attachment":[{"href":"https:\/\/plsk.eu\/sk\/wp-json\/wp\/v2\/media?parent=39138"}],"wp:term":[{"taxonomy":"kategoria_historii","embeddable":true,"href":"https:\/\/plsk.eu\/sk\/wp-json\/wp\/v2\/kategoria_historii?post=39138"},{"taxonomy":"historii_partner_wiodacy","embeddable":true,"href":"https:\/\/plsk.eu\/sk\/wp-json\/wp\/v2\/historii_partner_wiodacy?post=39138"},{"taxonomy":"historii_partner_projektu","embeddable":true,"href":"https:\/\/plsk.eu\/sk\/wp-json\/wp\/v2\/historii_partner_projektu?post=39138"},{"taxonomy":"regiony","embeddable":true,"href":"https:\/\/plsk.eu\/sk\/wp-json\/wp\/v2\/regiony?post=39138"},{"taxonomy":"powiaty","embeddable":true,"href":"https:\/\/plsk.eu\/sk\/wp-json\/wp\/v2\/powiaty?post=39138"}],"curies":[{"name":"wp","href":"https:\/\/api.w.org\/{rel}","templated":true}]}}

Zlepšenie kvality cezhraničného cestného spojenia medzi obcou Istebna a obcou Čierne

<p>Cieľom projektu je zvýšiť komunikačnú dostupnosť cezhraničného cestného prepojenia medzi obcou Istebna a obcou Čierne v Jaworzynke. Toto cezhraničné dopravné prepojenie vzniklo v predchádzajúcej perspektíve (2014-2020) v rámci partnerského projektu Obce Istebna a Obce Čierne „Vybudovanie cezhraničného dopravného prepojenia Jaworzynka &#8211; Čierne &#8211; Skalite (1 a 2.etapa) &#8211; predtým partnerské obce nemali priame cestné spojenie cez poľsko-slovenskú hranicu, aj keď spolu susedia. V súčasnosti je potrebné zlepšiť technický stav cestnej infraštruktúry vedúcej k tomuto spojeniu medzi Poľskom a Slovenskom tak, aby umožnili obyvateľom a turistom bezpečne cestovať do susednej krajiny. To má stimulovať rozvoj a integráciu spoločného turistického trhu a využívanie turistických atrakcií v pohraničnej oblasti. Realizácia projektu znamená vytvorenie podmienok pre zvýšenie konkurencieschopnosti v prihraničnom regióne bojom proti ekonomickej a sociálnej marginalizácii a zvýšenie turistickej a investičnej atraktivity vďaka zlepšeniu stavu cezhraničnej cestnej infraštruktúry. Ciele projektu sa dosiahnu prostredníctvom: &#8211; na poľskej strane &#8211; rekonštrukcia okresnej cesty 2644S v Jaworzynke v obci Istebna v úseku 1,5 km od kruhového objazdu s krajskými cestami 943 a 941 po križovatku s mestskou cestou v lokalite č.819. &#8211; na slovenskej strane &#8211; rekonštrukcia a rekonštrukcia cesty III/2010 vedúcej cez centrum obce Čierne, kde sa sústreďuje život obyvateľov. Súčasťou projektu sú dve cesty &#8211; cesta III/2010 a miestna komunikácia MK 10-1. Cesta III/2010 je cestou regionálneho významu. Dĺžka modernizovaných úsekov &#8211; 3 106 m &#8212; spoločná komunikácia projektu &#8211; informačné a propagačné tabule na oboch stranách hranice, zverejnenie informácií o realizovanom projekte na webových stránkach partnerov, konferencia sumarizujúca projekt a prezentácia efektov projektu. kurz v EUR 4,51 „Smernice Ministerstva financií 10.2023</p>
