{"id":42451,"date":"2026-01-08T12:34:34","date_gmt":"2026-01-08T11:34:34","guid":{"rendered":"https:\/\/plsk.eu\/?post_type=historii&#038;p=42451"},"modified":"2026-01-08T12:37:58","modified_gmt":"2026-01-08T11:37:58","slug":"pohranicie-viacerych-kultur-pohranicie-dialogu","status":"publish","type":"historii","link":"https:\/\/plsk.eu\/sk\/projekty\/pohranicie-viacerych-kultur-pohranicie-dialogu\/","title":{"rendered":"Pohrani\u010die viacer\u00fdch kult\u00far \u2013 pohrani\u010die dial\u00f3gu"},"content":{"rendered":"\n<p>Po\u013esko-slovensk\u00e9 pohrani\u010die je oblas\u0165, kde sa po st\u00e1ro\u010dia mie\u0161ali mnoh\u00e9 kult\u00fary a n\u00e1bo\u017eenstv\u00e1. Ich stopy mo\u017eno n\u00e1js\u0165 v architektonick\u00fdch a umeleck\u00fdch pamiatkach, trad\u00edci\u00e1ch a folkl\u00f3re. Nepochybne stoja za zachovanie a spr\u00edstupnenie. Nie je to v\u0161ak \u013eahk\u00e1 \u00faloha. V \u00e9re technologick\u00e9ho rozvoja, rast\u00facich potrieb a o\u010dak\u00e1van\u00ed n\u00e1v\u0161tevn\u00edkov je potrebn\u00e9 zmeni\u0165 n\u00e1\u0161 poh\u013ead na mo\u017enosti trvalo udr\u017eate\u013en\u00e9ho vyu\u017e\u00edvania kult\u00farneho dedi\u010dstva pohrani\u010dia. Preto v r\u00e1mci partnerstva medzi mestom a obcou Czarny Dunajec a mestom Trsten\u00e1 vznikla my\u0161lienka vytvori\u0165 v oboch mest\u00e1ch priestor na kreativitu a workshopy venovan\u00e9 kult\u00fare, pam\u00e4ti a dial\u00f3gu. Priestor bude vytvoren\u00fd v historick\u00fdch budov\u00e1ch synag\u00f3g z prelomu 19.a 20. storo\u010dia v Czarnom Dunajci a Trstenej. Tieto objekty bud\u00fa obnoven\u00e9 a zrekon\u0161truovan\u00e9 tak,aby sa im prinavr\u00e1til ich p\u00f4vodn\u00fd vzh\u013ead pred stavebn\u00fdmi \u00fapravami po II svetovej vojne. Z\u00edskaj\u00fa aj nov\u00e9 funkcie. Teraz bud\u00fa miestom stretnut\u00ed s kult\u00farou a hist\u00f3riou a z\u00e1rove\u0148 miestom stret\u00e1vania sa s in\u00fdmi \u013eu\u010fmi a realiz\u00e1cie tvoriv\u00fdch aktiv\u00edt. Okrem vytvorenia modernej expoz\u00edcie venovanej dejin\u00e1m a osobnostiam pohrani\u010dia, ktor\u00e1 bude srdcom oboch lokal\u00edt a spr\u00edstupn\u00ed kult\u00farne zdroje v digit\u00e1lnej podobe, bud\u00fa na oboch miestach zriaden\u00e9 centr\u00e1 dial\u00f3gu. R\u00f4zne stretnutia a workshopy, ktor\u00e9 s\u00fa napl\u00e1novan\u00e9 v ich m\u00faroch, bud\u00fa nielen ilustrova\u0165 rozmanitos\u0165 a r\u00f4znorodos\u0165 kult\u00far, ktor\u00e9 formuj\u00fa dedi\u010dstvo pohrani\u010dia. Tieto podujatia a samotn\u00e9 v\u00fdstavy bud\u00fa tie\u017e in\u0161pirova\u0165 k zamysleniu a diskusii. Otvoren\u00e9, inkluz\u00edvne a pr\u00edstupn\u00e9 pre obyvate\u013eov z oboch kraj\u00edn, ako aj pre turistov, ktor\u00ed nav\u0161t\u00edvia pohrani\u010dn\u00fd regi\u00f3n, bud\u00fa tieto dve centr\u00e1 doteraz nev\u00eddan\u00fdm n\u00e1vrhom na udr\u017eate\u013en\u00e9 vyu\u017eitie potenci\u00e1lu hmotn\u00e9ho a nehmotn\u00e9ho dedi\u010dstva regi\u00f3nu v oblasti cestovn\u00e9ho ruchu, ktor\u00e9 sa formovalo pod vplyvom mnoh\u00fdch kult\u00far na \u00fazem\u00ed mesta Czarny Dunajec a Trsten\u00e1. A to v\u0161etko s cie\u013eom e\u0161te \u00fa\u010dinnej\u0161ie stimulova\u0165 soci\u00e1lny a hospod\u00e1rsky rozvoj pl-sk pohrani\u010dia a doplni\u0165 cezhrani\u010dn\u00fa Cestu okolo Tatier.<\/p>\n","protected":false},"featured_media":28906,"menu_order":0,"template":"","meta":{"_acf_changed":false,"inline_featured_image":false,"_themeisle_gutenberg_block_has_review":false,"footnotes":"","_links_to":"","_links_to_target":""},"kategoria_historii":[1928],"historii_partner_wiodacy":[2777],"historii_partner_projektu":[2418],"regiony":[],"powiaty":[],"class_list":["post-42451","historii","type-historii","status-publish","has-post-thumbnail","hentry","kategoria_historii-2021-2027-sk","historii_partner_wiodacy-mesto-a-obec-czarny-dunajec","historii_partner_projektu-mesto-trstena"],"acf":[],"_links":{"self":[{"href":"https:\/\/plsk.eu\/sk\/wp-json\/wp\/v2\/historii\/42451","targetHints":{"allow":["GET"]}}],"collection":[{"href":"https:\/\/plsk.eu\/sk\/wp-json\/wp\/v2\/historii"}],"about":[{"href":"https:\/\/plsk.eu\/sk\/wp-json\/wp\/v2\/types\/historii"}],"version-history":[{"count":1,"href":"https:\/\/plsk.eu\/sk\/wp-json\/wp\/v2\/historii\/42451\/revisions"}],"predecessor-version":[{"id":42452,"href":"https:\/\/plsk.eu\/sk\/wp-json\/wp\/v2\/historii\/42451\/revisions\/42452"}],"wp:featuredmedia":[{"embeddable":true,"href":"https:\/\/plsk.eu\/sk\/wp-json\/wp\/v2\/media\/28906"}],"wp:attachment":[{"href":"https:\/\/plsk.eu\/sk\/wp-json\/wp\/v2\/media?parent=42451"}],"wp:term":[{"taxonomy":"kategoria_historii","embeddable":true,"href":"https:\/\/plsk.eu\/sk\/wp-json\/wp\/v2\/kategoria_historii?post=42451"},{"taxonomy":"historii_partner_wiodacy","embeddable":true,"href":"https:\/\/plsk.eu\/sk\/wp-json\/wp\/v2\/historii_partner_wiodacy?post=42451"},{"taxonomy":"historii_partner_projektu","embeddable":true,"href":"https:\/\/plsk.eu\/sk\/wp-json\/wp\/v2\/historii_partner_projektu?post=42451"},{"taxonomy":"regiony","embeddable":true,"href":"https:\/\/plsk.eu\/sk\/wp-json\/wp\/v2\/regiony?post=42451"},{"taxonomy":"powiaty","embeddable":true,"href":"https:\/\/plsk.eu\/sk\/wp-json\/wp\/v2\/powiaty?post=42451"}],"curies":[{"name":"wp","href":"https:\/\/api.w.org\/{rel}","templated":true}]}}

Pohraničie viacerých kultúr – pohraničie dialógu

<p>Poľsko-slovenské pohraničie je oblasť, kde sa po stáročia miešali mnohé kultúry a náboženstvá. Ich stopy možno nájsť v architektonických a umeleckých pamiatkach, tradíciách a folklóre. Nepochybne stoja za zachovanie a sprístupnenie. Nie je to však ľahká úloha. V ére technologického rozvoja, rastúcich potrieb a očakávaní návštevníkov je potrebné zmeniť náš pohľad na možnosti trvalo udržateľného využívania kultúrneho dedičstva pohraničia. Preto v rámci partnerstva medzi mestom a obcou Czarny Dunajec a mestom Trstená vznikla myšlienka vytvoriť v oboch mestách priestor na kreativitu a workshopy venované kultúre, pamäti a dialógu. Priestor bude vytvorený v historických budovách synagóg z prelomu 19.a 20. storočia v Czarnom Dunajci a Trstenej. Tieto objekty budú obnovené a zrekonštruované tak,aby sa im prinavrátil ich pôvodný vzhľad pred stavebnými úpravami po II svetovej vojne. Získajú aj nové funkcie. Teraz budú miestom stretnutí s kultúrou a históriou a zároveň miestom stretávania sa s inými ľuďmi a realizácie tvorivých aktivít. Okrem vytvorenia modernej expozície venovanej dejinám a osobnostiam pohraničia, ktorá bude srdcom oboch lokalít a sprístupní kultúrne zdroje v digitálnej podobe, budú na oboch miestach zriadené centrá dialógu. Rôzne stretnutia a workshopy, ktoré sú naplánované v ich múroch, budú nielen ilustrovať rozmanitosť a rôznorodosť kultúr, ktoré formujú dedičstvo pohraničia. Tieto podujatia a samotné výstavy budú tiež inšpirovať k zamysleniu a diskusii. Otvorené, inkluzívne a prístupné pre obyvateľov z oboch krajín, ako aj pre turistov, ktorí navštívia pohraničný región, budú tieto dve centrá doteraz nevídaným návrhom na udržateľné využitie potenciálu hmotného a nehmotného dedičstva regiónu v oblasti cestovného ruchu, ktoré sa formovalo pod vplyvom mnohých kultúr na území mesta Czarny Dunajec a Trstená. A to všetko s cieľom ešte účinnejšie stimulovať sociálny a hospodársky rozvoj pl-sk pohraničia a doplniť cezhraničnú Cestu okolo Tatier.</p>
