{"id":42459,"date":"2026-01-08T13:33:28","date_gmt":"2026-01-08T12:33:28","guid":{"rendered":"https:\/\/plsk.eu\/?post_type=historii&#038;p=42459"},"modified":"2026-01-08T13:40:34","modified_gmt":"2026-01-08T12:40:34","slug":"s-duchom-casu","status":"publish","type":"historii","link":"https:\/\/plsk.eu\/sk\/projekty\/s-duchom-casu\/","title":{"rendered":"S duchom \u010casu"},"content":{"rendered":"\n<p>Gen\u00e9za projektu predpoklad\u00e1, \u017ee len spolo\u010dn\u00e1 populariz\u00e1cia a spr\u00edstup\u0148ovanie kult\u00farneho dedi\u010dstva kult\u00farnymi in\u0161tit\u00faciami z Po\u013eska a Slovenska m\u00f4\u017ee ma\u0165 pozit\u00edvny vplyv na zv\u00fd\u0161enie atraktivity po\u013esko-slovensk\u00e9ho pohrani\u010dia. Preto je cie\u013eom projektu zv\u00fd\u0161enie spolo\u010denskej dostupnosti unik\u00e1tnej trasy m\u00faze\u00ed v pr\u00edrode po\u013esko-slovensk\u00e9ho pohrani\u010dia, r\u00f4znych cie\u013eov\u00fdch skup\u00edn aj so \u0161peci\u00e1lnymi potrebami, pre rozvoj oblasti kult\u00fary a cestovn\u00e9ho ruchu. Zah\u0155\u0148a \u0161pecifick\u00e9 ciele zodpovedaj\u00face aspektom dostupnosti (fyzickej, digit\u00e1lnej, informa\u010dnej a komunika\u010dnej), ktor\u00e9 s\u00favisia so zlep\u0161en\u00edm podmienok poskytovania slu\u017eieb n\u00e1v\u0161tevn\u00edkom vyu\u017e\u00edvaj\u00facim spolo\u010dn\u00fa kult\u00farnu ponuku m\u00faze\u00ed po\u013esko-slovensk\u00e9ho pohrani\u010dia pre vytvorenie s\u00fa\u010dasn\u00fdch \u0161tandardov poskytovania slu\u017eieb, zv\u00fd\u0161enie pr\u00edtomnosti \u013eudovej kult\u00fary pohrani\u010dia &#8211; tej starobylej aj tej \u017eivej &#8211; v digit\u00e1lnom svete prostredn\u00edctvom vyu\u017eitia modern\u00fdch digit\u00e1lnych technol\u00f3gi\u00ed a jej spolo\u010dn\u00fa populariz\u00e1ciu. Ciele sa realizuj\u00fa prostredn\u00edctvom rozsahu projektu vr\u00e1tane \u010dinnost\u00ed cezhrani\u010dn\u00e9ho charakteru: v\u00fdstavba\/rekon\u0161trukcia objektov sl\u00fa\u017eiacich ako body obsluhy pre n\u00e1v\u0161tevn\u00edkov (tzv. body prv\u00e9ho kontaktu) spolu s technickou infra\u0161trukt\u00farou a pozemkov\u00fdmi \u00fapravami, \u0161kolenia na zlep\u0161enie zru\u010dnost\u00ed zamestnancov v oblasti digit\u00e1lnych technol\u00f3gi\u00ed a pr\u00edstupnosti, vybavenie priestorov objektov plniacich funkciu bodov obsluhy pre n\u00e1v\u0161tevn\u00edkov, digitaliz\u00e1cia unik\u00e1tnych predmetov reprezentuj\u00facich tradi\u010dn\u00e9 \u013eudov\u00e9 remesl\u00e1 a ich prezent\u00e1cia na spolo\u010dnej webovej str\u00e1nke, podujatia popularizuj\u00face kult\u00farne dedi\u010dstvo po\u013esko-slovensk\u00e9ho pohrani\u010dia, t. j: spolo\u010dn\u00e9 priestory pre tvorbu a dielne, spolo\u010dn\u00e1 exteri\u00e9rov\u00e1 v\u00fdstava, konferencia v kontexte idey nov\u00e9ho eur\u00f3pskeho Bauhausu, expozi\u010dn\u00e9 pulty prezentuj\u00face tvorbu po\u013esko-slovensk\u00fdch \u013eudov\u00fdch umelcov, filmy-report\u00e1\u017ee propaguj\u00face miestnych remeseln\u00edkov.<\/p>\n","protected":false},"featured_media":28906,"menu_order":0,"template":"","meta":{"_acf_changed":false,"inline_featured_image":false,"_themeisle_gutenberg_block_has_review":false,"footnotes":"","_links_to":"","_links_to_target":""},"kategoria_historii":[1928],"historii_partner_wiodacy":[2783],"historii_partner_projektu":[2785,2787,2789,2791],"regiony":[],"powiaty":[],"class_list":["post-42459","historii","type-historii","status-publish","has-post-thumbnail","hentry","kategoria_historii-2021-2027-sk","historii_partner_wiodacy-muzeum-oravsky-skanzen-v-zubrzyca-gorna","historii_partner_projektu-muzeum-ziemi-sadeckiej","historii_partner_projektu-muzeum-dwory-karwacjanow-i-gladyszow-w-gorlicach","historii_partner_projektu-slovenske-narodne-muzeum","historii_partner_projektu-oravske-muzeum-pavla-orszagha-hviezdoslava"],"acf":[],"_links":{"self":[{"href":"https:\/\/plsk.eu\/sk\/wp-json\/wp\/v2\/historii\/42459","targetHints":{"allow":["GET"]}}],"collection":[{"href":"https:\/\/plsk.eu\/sk\/wp-json\/wp\/v2\/historii"}],"about":[{"href":"https:\/\/plsk.eu\/sk\/wp-json\/wp\/v2\/types\/historii"}],"version-history":[{"count":1,"href":"https:\/\/plsk.eu\/sk\/wp-json\/wp\/v2\/historii\/42459\/revisions"}],"predecessor-version":[{"id":42460,"href":"https:\/\/plsk.eu\/sk\/wp-json\/wp\/v2\/historii\/42459\/revisions\/42460"}],"wp:featuredmedia":[{"embeddable":true,"href":"https:\/\/plsk.eu\/sk\/wp-json\/wp\/v2\/media\/28906"}],"wp:attachment":[{"href":"https:\/\/plsk.eu\/sk\/wp-json\/wp\/v2\/media?parent=42459"}],"wp:term":[{"taxonomy":"kategoria_historii","embeddable":true,"href":"https:\/\/plsk.eu\/sk\/wp-json\/wp\/v2\/kategoria_historii?post=42459"},{"taxonomy":"historii_partner_wiodacy","embeddable":true,"href":"https:\/\/plsk.eu\/sk\/wp-json\/wp\/v2\/historii_partner_wiodacy?post=42459"},{"taxonomy":"historii_partner_projektu","embeddable":true,"href":"https:\/\/plsk.eu\/sk\/wp-json\/wp\/v2\/historii_partner_projektu?post=42459"},{"taxonomy":"regiony","embeddable":true,"href":"https:\/\/plsk.eu\/sk\/wp-json\/wp\/v2\/regiony?post=42459"},{"taxonomy":"powiaty","embeddable":true,"href":"https:\/\/plsk.eu\/sk\/wp-json\/wp\/v2\/powiaty?post=42459"}],"curies":[{"name":"wp","href":"https:\/\/api.w.org\/{rel}","templated":true}]}}

S duchom Času

<p>Genéza projektu predpokladá, že len spoločná popularizácia a sprístupňovanie kultúrneho dedičstva kultúrnymi inštitúciami z Poľska a Slovenska môže mať pozitívny vplyv na zvýšenie atraktivity poľsko-slovenského pohraničia. Preto je cieľom projektu zvýšenie spoločenskej dostupnosti unikátnej trasy múzeí v prírode poľsko-slovenského pohraničia, rôznych cieľových skupín aj so špeciálnymi potrebami, pre rozvoj oblasti kultúry a cestovného ruchu. Zahŕňa špecifické ciele zodpovedajúce aspektom dostupnosti (fyzickej, digitálnej, informačnej a komunikačnej), ktoré súvisia so zlepšením podmienok poskytovania služieb návštevníkom využívajúcim spoločnú kultúrnu ponuku múzeí poľsko-slovenského pohraničia pre vytvorenie súčasných štandardov poskytovania služieb, zvýšenie prítomnosti ľudovej kultúry pohraničia &#8211; tej starobylej aj tej živej &#8211; v digitálnom svete prostredníctvom využitia moderných digitálnych technológií a jej spoločnú popularizáciu. Ciele sa realizujú prostredníctvom rozsahu projektu vrátane činností cezhraničného charakteru: výstavba/rekonštrukcia objektov slúžiacich ako body obsluhy pre návštevníkov (tzv. body prvého kontaktu) spolu s technickou infraštruktúrou a pozemkovými úpravami, školenia na zlepšenie zručností zamestnancov v oblasti digitálnych technológií a prístupnosti, vybavenie priestorov objektov plniacich funkciu bodov obsluhy pre návštevníkov, digitalizácia unikátnych predmetov reprezentujúcich tradičné ľudové remeslá a ich prezentácia na spoločnej webovej stránke, podujatia popularizujúce kultúrne dedičstvo poľsko-slovenského pohraničia, t. j: spoločné priestory pre tvorbu a dielne, spoločná exteriérová výstava, konferencia v kontexte idey nového európskeho Bauhausu, expozičné pulty prezentujúce tvorbu poľsko-slovenských ľudových umelcov, filmy-reportáže propagujúce miestnych remeselníkov.</p>
