{"id":42467,"date":"2026-01-08T14:37:25","date_gmt":"2026-01-08T13:37:25","guid":{"rendered":"https:\/\/plsk.eu\/?post_type=historii&#038;p=42467"},"modified":"2026-01-08T14:46:03","modified_gmt":"2026-01-08T13:46:03","slug":"historicko-kulturno-prirodna-cesta-okolo-tatier-5-etapa","status":"publish","type":"historii","link":"https:\/\/plsk.eu\/sk\/projekty\/historicko-kulturno-prirodna-cesta-okolo-tatier-5-etapa\/","title":{"rendered":"Historicko &#8211; kult\u00farno &#8211; pr\u00edrodn\u00e1 cesta okolo Tatier \u2013 5. etapa"},"content":{"rendered":"\n<p>S prib\u00fadaj\u00facimi kilometrami cyklotr\u00e1s rastie popularita cykloturistiky v po\u013esko-slovenskej podtatranskej oblasti medzi obyvate\u013emi i turistami. Pod\u013ea v\u00fdskumov je dominantn\u00fdm \u00fa\u010delom pr\u00edjazdov turistov do tohto prihrani\u010dn\u00e9ho regi\u00f3nu akt\u00edvna turistika, rekre\u00e1cia a pozn\u00e1vanie. Historicko-kult\u00farno-pr\u00edrodn\u00e1 cesta okolo Tatier turistom pon\u00faka spojenie t\u00fdchto troch aspektov \u2013 aktivity, relaxu a pozn\u00e1vania. Tento po\u013esko-slovensk\u00fd turistick\u00fd produkt implementuje atrib\u00faty, ktor\u00e9 charakterizuj\u00fa pohrani\u010die \u2013turistick\u00fa atraktivitu regi\u00f3nov Podhalia, Oravy, Liptova a Spi\u0161a, trvalo udr\u017eate\u013en\u00e9 vyu\u017e\u00edvanie pr\u00edrodn\u00fdch hodn\u00f4t a kult\u00farnej rozmanitosti ako aj stimul\u00e1ciu hospod\u00e1rskeho rozvoja. Pre pln\u00e9 vyu\u017eitie potenci\u00e1lu Cesty okolo Tatier je potrebn\u00e9 pokra\u010dova\u0165 a rozv\u00edja\u0165 invest\u00edcie a aktivity, ktor\u00e9 dotvoria tento turistick\u00fd produkt ako kompletn\u00fd. Preto Eur\u00f3pske zoskupenie \u00fazemnej spolupr\u00e1ce spolu s obcou Nowy Targ, obcou Jab\u0142onka, obcou Szaflary, mestom Doln\u00fd Kub\u00edn a mestom Poprad zrealizuje projekt zameran\u00fd na \u010fal\u0161iu etapu Cesty okolo Tatier. \u010eal\u0161ie \u00faseky hlavn\u00e9ho cyklistick\u00e9ho chodn\u00edka Cesty okolo Tatier bud\u00fa vybudovan\u00e9 na slovenskej strane v meste Doln\u00fd Kub\u00edn a v Poprade. Obec Jab\u0142onka dokon\u010d\u00ed v\u00fdstavbu\/zna\u010denie cyklistick\u00e9j trasy, ktor\u00e1 cykloturistom otvor\u00ed regi\u00f3n Orava. Obec Nowy Targ vybuduje spojovac\u00ed \u00fasek Cesty s objektmi kult\u00farneho dedi\u010dstva v Lud\u017amierzi. Obec Szaflary uprav\u00ed podkrovie Pracovne trad\u00edci\u00ed a dedi\u010dstva, vytvor\u00ed v \u0148om priestor na kreativitu a workshopy a zrealizuje cyklus tvoriv\u00fdch dieln\u00ed. Pre cykloturistov bude vydan\u00fd sprievodca a cyklomapa. Ponuka cykloturistiky v Tatr\u00e1ch bude propagovan\u00e1 v soci\u00e1lnych m\u00e9di\u00e1ch. O rozvoji infra\u0161trukt\u00fary a cykloturistike bud\u00fa diskutova\u0165 \u00fa\u010dastn\u00edci medzin\u00e1rodnej konferencie. EZ\u00daS TATRY sa bude tie\u017e stara\u0165 o zlep\u0161enie kvality slu\u017eieb pre cykloturistov prostredn\u00edctvom cyklu \u0161kolen\u00ed a \u0161tudijn\u00e9ho pobytu pre z\u00e1stupcov odvetvia cestovn\u00e9ho ruchu, ako aj v\u00fdskumu a anal\u00fdzy cyklistickej dopravy.<\/p>\n","protected":false},"featured_media":28906,"menu_order":0,"template":"","meta":{"_acf_changed":false,"inline_featured_image":false,"_themeisle_gutenberg_block_has_review":false,"footnotes":"","_links_to":"","_links_to_target":""},"kategoria_historii":[1928],"historii_partner_wiodacy":[2310],"historii_partner_projektu":[2414,2484,2795,2797,2799],"regiony":[],"powiaty":[],"class_list":["post-42467","historii","type-historii","status-publish","has-post-thumbnail","hentry","kategoria_historii-2021-2027-sk","historii_partner_wiodacy-europske-zoskupenie-uzemnej-spoluprace-tatry-s-rucenim-obmedzenym","historii_partner_projektu-obec-nowy-targ","historii_partner_projektu-obec-jablonka","historii_partner_projektu-mesto-dolny-kubin","historii_partner_projektu-obec-szaflary","historii_partner_projektu-mesto-poprad"],"acf":[],"_links":{"self":[{"href":"https:\/\/plsk.eu\/sk\/wp-json\/wp\/v2\/historii\/42467","targetHints":{"allow":["GET"]}}],"collection":[{"href":"https:\/\/plsk.eu\/sk\/wp-json\/wp\/v2\/historii"}],"about":[{"href":"https:\/\/plsk.eu\/sk\/wp-json\/wp\/v2\/types\/historii"}],"version-history":[{"count":2,"href":"https:\/\/plsk.eu\/sk\/wp-json\/wp\/v2\/historii\/42467\/revisions"}],"predecessor-version":[{"id":42470,"href":"https:\/\/plsk.eu\/sk\/wp-json\/wp\/v2\/historii\/42467\/revisions\/42470"}],"wp:featuredmedia":[{"embeddable":true,"href":"https:\/\/plsk.eu\/sk\/wp-json\/wp\/v2\/media\/28906"}],"wp:attachment":[{"href":"https:\/\/plsk.eu\/sk\/wp-json\/wp\/v2\/media?parent=42467"}],"wp:term":[{"taxonomy":"kategoria_historii","embeddable":true,"href":"https:\/\/plsk.eu\/sk\/wp-json\/wp\/v2\/kategoria_historii?post=42467"},{"taxonomy":"historii_partner_wiodacy","embeddable":true,"href":"https:\/\/plsk.eu\/sk\/wp-json\/wp\/v2\/historii_partner_wiodacy?post=42467"},{"taxonomy":"historii_partner_projektu","embeddable":true,"href":"https:\/\/plsk.eu\/sk\/wp-json\/wp\/v2\/historii_partner_projektu?post=42467"},{"taxonomy":"regiony","embeddable":true,"href":"https:\/\/plsk.eu\/sk\/wp-json\/wp\/v2\/regiony?post=42467"},{"taxonomy":"powiaty","embeddable":true,"href":"https:\/\/plsk.eu\/sk\/wp-json\/wp\/v2\/powiaty?post=42467"}],"curies":[{"name":"wp","href":"https:\/\/api.w.org\/{rel}","templated":true}]}}

Historicko &#8211; kultúrno &#8211; prírodná cesta okolo Tatier – 5. etapa

<p>S pribúdajúcimi kilometrami cyklotrás rastie popularita cykloturistiky v poľsko-slovenskej podtatranskej oblasti medzi obyvateľmi i turistami. Podľa výskumov je dominantným účelom príjazdov turistov do tohto prihraničného regiónu aktívna turistika, rekreácia a poznávanie. Historicko-kultúrno-prírodná cesta okolo Tatier turistom ponúka spojenie týchto troch aspektov – aktivity, relaxu a poznávania. Tento poľsko-slovenský turistický produkt implementuje atribúty, ktoré charakterizujú pohraničie –turistickú atraktivitu regiónov Podhalia, Oravy, Liptova a Spiša, trvalo udržateľné využívanie prírodných hodnôt a kultúrnej rozmanitosti ako aj stimuláciu hospodárskeho rozvoja. Pre plné využitie potenciálu Cesty okolo Tatier je potrebné pokračovať a rozvíjať investície a aktivity, ktoré dotvoria tento turistický produkt ako kompletný. Preto Európske zoskupenie územnej spolupráce spolu s obcou Nowy Targ, obcou Jabłonka, obcou Szaflary, mestom Dolný Kubín a mestom Poprad zrealizuje projekt zameraný na ďalšiu etapu Cesty okolo Tatier. Ďalšie úseky hlavného cyklistického chodníka Cesty okolo Tatier budú vybudované na slovenskej strane v meste Dolný Kubín a v Poprade. Obec Jabłonka dokončí výstavbu/značenie cyklistickéj trasy, ktorá cykloturistom otvorí región Orava. Obec Nowy Targ vybuduje spojovací úsek Cesty s objektmi kultúrneho dedičstva v Ludźmierzi. Obec Szaflary upraví podkrovie Pracovne tradícií a dedičstva, vytvorí v ňom priestor na kreativitu a workshopy a zrealizuje cyklus tvorivých dielní. Pre cykloturistov bude vydaný sprievodca a cyklomapa. Ponuka cykloturistiky v Tatrách bude propagovaná v sociálnych médiách. O rozvoji infraštruktúry a cykloturistike budú diskutovať účastníci medzinárodnej konferencie. EZÚS TATRY sa bude tiež starať o zlepšenie kvality služieb pre cykloturistov prostredníctvom cyklu školení a študijného pobytu pre zástupcov odvetvia cestovného ruchu, ako aj výskumu a analýzy cyklistickej dopravy.</p>
