{"id":42476,"date":"2026-01-08T15:17:59","date_gmt":"2026-01-08T14:17:59","guid":{"rendered":"https:\/\/plsk.eu\/?post_type=historii&#038;p=42476"},"modified":"2026-04-02T11:03:57","modified_gmt":"2026-04-02T09:03:57","slug":"spolupraca-horskych-zachranarov-z-polska-a-slovenska","status":"publish","type":"historii","link":"https:\/\/plsk.eu\/sk\/projekty\/spolupraca-horskych-zachranarov-z-polska-a-slovenska\/","title":{"rendered":"Spolupr\u00e1ca horsk\u00fdch z\u00e1chran\u00e1rov z Po\u013eska a Slovenska"},"content":{"rendered":"\n<p>Projekt m\u00e1 za cie\u013e komplexne pripravi\u0165 horsk\u00fdch z\u00e1chran\u00e1rov na efekt\u00edvnu cezhrani\u010dn\u00fa spolupr\u00e1cu, ktor\u00e1 je k\u013e\u00fa\u010dov\u00e1 pre bezpe\u010dnos\u0165 obyvate\u013eov a turistov v oblasti Podbeskidzia a pri\u013eahl\u00fdch regi\u00f3noch Slovenska (Mal\u00e1 Fatra, Kysuce a Orava). D\u00f4vodom realiz\u00e1cie projektu je v\u00fdrazn\u00fd n\u00e1rast po\u010dtu z\u00e1chrann\u00fdch z\u00e1sahov (o 18 %) za posledn\u00e9 roky, sp\u00f4soben\u00fd intenz\u00edvnym turistick\u00fdm ruchom, \u0161pecifick\u00fdmi podmienkami horsk\u00e9ho prostredia a nedostato\u010dne rozvinut\u00fdmi formami stabilnej spolupr\u00e1ce medzi z\u00e1chran\u00e1rskymi jednotkami v pohrani\u010d\u00ed. Profesion\u00e1lni z\u00e1chran\u00e1ri a dobrovo\u013en\u00edci GOPR Beskidy spolu so z\u00e1chran\u00e1rmi Horskej slu\u017eby (Mal\u00e1 Fatra, Kysuce, Orava), (na \u010das\u0165 bud\u00fa pozvan\u00ed aj z\u00e1stupcovia spolupracuj\u00facich bezpe\u010dnostn\u00fdch zlo\u017eiek napr. pol\u00edcie) za odbornej podpory expertov z nad\u00e1cie, absolvuj\u00fa spolo\u010dn\u00e9 odborn\u00e9 \u0161kolenia zameran\u00e9 na p\u00e1tracie akcie v n\u00e1ro\u010dnom horskom ter\u00e9ne, evaku\u00e1ciu zranen\u00fdch, zdravotn\u00edcky transport, lav\u00ednov\u00fa prevenciu, \u013eadovcov\u00e9 techniky a kondi\u010dn\u00fa pr\u00edpravu. Realizovan\u00e9 bud\u00fa aj pravideln\u00e9 cezhrani\u010dn\u00e9 cvi\u010denia zalo\u017een\u00e9 na realistick\u00fdch scen\u00e1roch spolo\u010dn\u00fdch z\u00e1sahov. Projekt predpoklad\u00e1 aj n\u00e1kup \u0161peci\u00e1lneho z\u00e1chran\u00e1rskeho vybavenia, ktor\u00e9 je nevyhnutn\u00e9 na efekt\u00edvne vykon\u00e1vanie \u0161kolen\u00ed, z\u00e1chrann\u00fdch akci\u00ed v ter\u00e9ne a pln\u00fa realiz\u00e1ciu cvi\u010dn\u00fdch scen\u00e1rov. V\u00fdmena sk\u00fasenost\u00ed, zav\u00e1dzanie spolo\u010dn\u00fdch \u0161tandardov a postupov umo\u017en\u00ed z\u00e1chrann\u00fdm slu\u017eb\u00e1m lep\u0161ie reagova\u0165 na kr\u00edzov\u00e9 situ\u00e1cie. Spolo\u010dn\u00e1 realiz\u00e1cia projektu prinesie trval\u00e9 v\u00fdsledky, ktor\u00e9 nie je mo\u017en\u00e9 dosiahnu\u0165 samostatne, a v\u00fdznamne zv\u00fd\u0161i bezpe\u010dnos\u0165 obyvate\u013eov a turistov na slovensko-po\u013eskom pohrani\u010d\u00ed.<\/p>\n\n\n\n<hr class=\"wp-block-separator has-alpha-channel-opacity is-style-default\"\/>\n\n\n\n<div class=\"wp-block-media-text is-stacked-on-mobile is-image-fill-element\"><figure class=\"wp-block-media-text__media\"><img loading=\"lazy\" decoding=\"async\" width=\"1024\" height=\"768\" src=\"https:\/\/plsk.eu\/wp-content\/uploads\/2026\/03\/Szkolenie-lawinowe-1-1024x768.jpg\" alt=\"Grupa jedenastu m\u0119\u017cczyzn w strojach g\u00f3rskich, okularach i he\u0142mach pozuje do zdj\u0119cia na \u015bniegu, wraz z p\u0142acht\u0105 z logotypem Programu Interreg Polska - S\u0142owacja 2021-2027 Skupina jeden\u00e1stich mu\u017eov v horsk\u00fdch odevoch, okuliaroch a prilb\u00e1ch p\u00f3zuje na snehu s plachtou s logom programu Interreg Po\u013esko \u2013 Slovensko 2021\u20132027\" class=\"wp-image-43312 size-full\" style=\"object-position:50% 50%\" srcset=\"https:\/\/plsk.eu\/wp-content\/uploads\/2026\/03\/Szkolenie-lawinowe-1-1024x768.jpg 1024w, https:\/\/plsk.eu\/wp-content\/uploads\/2026\/03\/Szkolenie-lawinowe-1-300x225.jpg 300w, https:\/\/plsk.eu\/wp-content\/uploads\/2026\/03\/Szkolenie-lawinowe-1-768x576.jpg 768w, https:\/\/plsk.eu\/wp-content\/uploads\/2026\/03\/Szkolenie-lawinowe-1-1536x1152.jpg 1536w, https:\/\/plsk.eu\/wp-content\/uploads\/2026\/03\/Szkolenie-lawinowe-1.jpg 2048w\" sizes=\"auto, (max-width: 1024px) 100vw, 1024px\" \/><\/figure><div class=\"wp-block-media-text__content\">\n<p>Horsk\u00ed z\u00e1chran\u00e1ri sa \u0161kolia v\u010faka eur\u00f3pskym prostriedkom<\/p>\n\n\n\n<div class=\"wp-block-buttons is-content-justification-center is-layout-flex wp-container-core-buttons-is-layout-14c487f4 wp-block-buttons-is-layout-flex\">\n<div class=\"wp-block-button is-style-outline is-style-outline--1\"><a class=\"wp-block-button__link has-white-color has-text-color has-background has-link-color has-medium-font-size has-custom-font-size wp-element-button\" href=\"https:\/\/plsk.eu\/sk\/horski-zachranari-sa-skolia-vdaka-europskym-prostriedkom\/\" style=\"border-radius:10px;background-color:#183d8e;font-style:normal;font-weight:500\">\u010ditaj<\/a><\/div>\n<\/div>\n<\/div><\/div>\n\n\n\n<hr class=\"wp-block-separator has-alpha-channel-opacity is-style-default\"\/>\n\n\n\n<div class=\"wp-block-media-text is-stacked-on-mobile is-image-fill-element\"><figure class=\"wp-block-media-text__media\"><img loading=\"lazy\" decoding=\"async\" width=\"940\" height=\"788\" src=\"https:\/\/plsk.eu\/wp-content\/uploads\/2025\/12\/Koncerencja-otwierajaca-projekt-1.png\" alt=\"W pomieszczeniu, ty\u0142em do zdj\u0119cia siedzi grupa os\u00f3b w bluzach ratownik\u00f3w g\u00f3rskich, kt\u00f3ra s\u0142ucha prezentacji m\u0119\u017cczyzny w bluzie ratownika g\u00f3rskiego. Na ekranie rzutnika zdj\u0119cie m\u0119\u017cczyzn w strojach ratownik\u00f3w g\u00f3rskich, obok napis kim jeste\u015bmy? i poni\u017cej grupa beskidzka GOPR V miestnosti, chrbtom k kamere, skupina \u013eud\u00ed v mikin\u00e1ch horskej z\u00e1chrannej slu\u017eby po\u010d\u00fava prezent\u00e1ciu mu\u017ea v mikine horskej z\u00e1chrannej slu\u017eby. Na pl\u00e1tne projektora je fotografia mu\u017eov v uniform\u00e1ch horskej z\u00e1chrannej slu\u017eby, ved\u013ea n\u00e1pisu \u201eKto sme?\u201c a pod n\u00edm skupina Beskid Mountain Rescue Service (GOPR).\" class=\"wp-image-42213 size-full\" style=\"object-position:50% 50%\" srcset=\"https:\/\/plsk.eu\/wp-content\/uploads\/2025\/12\/Koncerencja-otwierajaca-projekt-1.png 940w, https:\/\/plsk.eu\/wp-content\/uploads\/2025\/12\/Koncerencja-otwierajaca-projekt-1-300x251.png 300w, https:\/\/plsk.eu\/wp-content\/uploads\/2025\/12\/Koncerencja-otwierajaca-projekt-1-768x644.png 768w\" sizes=\"auto, (max-width: 940px) 100vw, 940px\" \/><\/figure><div class=\"wp-block-media-text__content\">\n<p>Report\u00e1\u017e z otv\u00e1racej konferencie projektu<\/p>\n\n\n\n<div class=\"wp-block-buttons is-content-justification-center is-layout-flex wp-container-core-buttons-is-layout-14c487f4 wp-block-buttons-is-layout-flex\">\n<div class=\"wp-block-button is-style-outline is-style-outline--2\"><a class=\"wp-block-button__link has-white-color has-text-color has-background has-link-color has-medium-font-size has-custom-font-size wp-element-button\" href=\"https:\/\/plsk.eu\/sk\/reportaz-z-otvaracej-konferencie-projektu-spolupraca-horskych-zachranarov-z-polska-a-slovenska\/\" style=\"border-radius:10px;background-color:#183d8e;font-style:normal;font-weight:500\">\u010ditaj<\/a><\/div>\n<\/div>\n<\/div><\/div>\n\n\n\n<hr class=\"wp-block-separator has-alpha-channel-opacity is-style-default\"\/>\n\n\n\n<div class=\"wp-block-media-text is-stacked-on-mobile is-image-fill-element\"><figure class=\"wp-block-media-text__media\"><img loading=\"lazy\" decoding=\"async\" width=\"819\" height=\"1024\" src=\"https:\/\/plsk.eu\/wp-content\/uploads\/2026\/02\/Szkolenie-z-wykorzystaniem-dronow-2-819x1024.jpg\" alt=\"Ratownik g\u00f3rski w kamizelce odblaskowej, trzyma w r\u0119ce kontroler a na oczach ma za\u0142o\u017cone specjalne okulary do zdalnego kontrolowania drona Horsk\u00fd z\u00e1chran\u00e1r v reflexnej veste, s ovl\u00e1da\u010dom v ruke a so \u0161peci\u00e1lnymi okuliarmi na dia\u013ekov\u00e9 ovl\u00e1danie dronu.\" class=\"wp-image-42878 size-full\" style=\"object-position:50% 50%\" srcset=\"https:\/\/plsk.eu\/wp-content\/uploads\/2026\/02\/Szkolenie-z-wykorzystaniem-dronow-2-819x1024.jpg 819w, https:\/\/plsk.eu\/wp-content\/uploads\/2026\/02\/Szkolenie-z-wykorzystaniem-dronow-2-240x300.jpg 240w, https:\/\/plsk.eu\/wp-content\/uploads\/2026\/02\/Szkolenie-z-wykorzystaniem-dronow-2-768x960.jpg 768w, https:\/\/plsk.eu\/wp-content\/uploads\/2026\/02\/Szkolenie-z-wykorzystaniem-dronow-2.jpg 1080w\" sizes=\"auto, (max-width: 819px) 100vw, 819px\" \/><\/figure><div class=\"wp-block-media-text__content\">\n<p>Modern\u00e9 technol\u00f3gie v slu\u017eb\u00e1ch bezpe\u010dnosti<\/p>\n\n\n\n<div class=\"wp-block-buttons is-content-justification-center is-layout-flex wp-container-core-buttons-is-layout-14c487f4 wp-block-buttons-is-layout-flex\">\n<div class=\"wp-block-button is-style-outline is-style-outline--3\"><a class=\"wp-block-button__link has-white-color has-text-color has-background has-link-color has-medium-font-size has-custom-font-size wp-element-button\" href=\"https:\/\/plsk.eu\/sk\/moderne-technologie-v-sluzbach-bezpecnosti-spolocne-skolenie-zachranarov-z-polska-a-slovenska\/\" style=\"border-radius:10px;background-color:#183d8e;font-style:normal;font-weight:500\">\u010ditaj<\/a><\/div>\n<\/div>\n<\/div><\/div>\n\n\n\n<hr class=\"wp-block-separator has-alpha-channel-opacity is-style-default\"\/>\n\n\n\n<div class=\"wp-block-media-text is-stacked-on-mobile is-image-fill-element\"><figure class=\"wp-block-media-text__media\"><img loading=\"lazy\" decoding=\"async\" width=\"1024\" height=\"768\" src=\"https:\/\/plsk.eu\/wp-content\/uploads\/2026\/03\/Szkolenie-lawinowe-3-1024x768.jpg\" alt=\"Grupa siedmiu m\u0119\u017cczyzn w strojach g\u00f3rskich stoi w \u015bniegu z tyczkami do poszukiwania os\u00f3b przysypanych lawin\u0105 Skupina siedmich mu\u017eov v horsk\u00fdch odevoch stoj\u00ed v snehu s ty\u010dami na vyh\u013ead\u00e1vanie os\u00f4b zasypan\u00fdch lavinou\" class=\"wp-image-43311 size-full\" style=\"object-position:50% 50%\" srcset=\"https:\/\/plsk.eu\/wp-content\/uploads\/2026\/03\/Szkolenie-lawinowe-3-1024x768.jpg 1024w, https:\/\/plsk.eu\/wp-content\/uploads\/2026\/03\/Szkolenie-lawinowe-3-300x225.jpg 300w, https:\/\/plsk.eu\/wp-content\/uploads\/2026\/03\/Szkolenie-lawinowe-3-768x576.jpg 768w, https:\/\/plsk.eu\/wp-content\/uploads\/2026\/03\/Szkolenie-lawinowe-3-1536x1152.jpg 1536w, https:\/\/plsk.eu\/wp-content\/uploads\/2026\/03\/Szkolenie-lawinowe-3.jpg 2048w\" sizes=\"auto, (max-width: 1024px) 100vw, 1024px\" \/><\/figure><div class=\"wp-block-media-text__content\">\n<p>\u0161kolenia zvy\u0161uj\u00face kvalifik\u00e1ciu<\/p>\n\n\n\n<div class=\"wp-block-buttons is-content-justification-center is-layout-flex wp-container-core-buttons-is-layout-14c487f4 wp-block-buttons-is-layout-flex\">\n<div class=\"wp-block-button is-style-outline is-style-outline--4\"><a class=\"wp-block-button__link has-white-color has-text-color has-background has-link-color has-medium-font-size has-custom-font-size wp-element-button\" href=\"https:\/\/plsk.eu\/sk\/spolupraca-horskych-zachranarov-z-polska-a-slovenska-skolenia-zvysujuce-kvalifikaciu\/\" style=\"border-radius:10px;background-color:#183d8e;font-style:normal;font-weight:500\">\u010ditaj<\/a><\/div>\n<\/div>\n<\/div><\/div>\n\n\n\n<hr class=\"wp-block-separator has-alpha-channel-opacity is-style-default\"\/>\n","protected":false},"featured_media":42217,"menu_order":0,"template":"","meta":{"_acf_changed":false,"inline_featured_image":false,"_themeisle_gutenberg_block_has_review":false,"footnotes":"","_links_to":"","_links_to_target":""},"kategoria_historii":[1928],"historii_partner_wiodacy":[2801],"historii_partner_projektu":[2803,2805],"regiony":[],"powiaty":[],"class_list":["post-42476","historii","type-historii","status-publish","has-post-thumbnail","hentry","kategoria_historii-2021-2027-sk","historii_partner_wiodacy-nadacia-icad","historii_partner_projektu-horska-dobrovolna-zachranna-sluzba","historii_partner_projektu-horska-sluzba-mala-fatra"],"acf":[],"_links":{"self":[{"href":"https:\/\/plsk.eu\/sk\/wp-json\/wp\/v2\/historii\/42476","targetHints":{"allow":["GET"]}}],"collection":[{"href":"https:\/\/plsk.eu\/sk\/wp-json\/wp\/v2\/historii"}],"about":[{"href":"https:\/\/plsk.eu\/sk\/wp-json\/wp\/v2\/types\/historii"}],"version-history":[{"count":5,"href":"https:\/\/plsk.eu\/sk\/wp-json\/wp\/v2\/historii\/42476\/revisions"}],"predecessor-version":[{"id":43427,"href":"https:\/\/plsk.eu\/sk\/wp-json\/wp\/v2\/historii\/42476\/revisions\/43427"}],"wp:featuredmedia":[{"embeddable":true,"href":"https:\/\/plsk.eu\/sk\/wp-json\/wp\/v2\/media\/42217"}],"wp:attachment":[{"href":"https:\/\/plsk.eu\/sk\/wp-json\/wp\/v2\/media?parent=42476"}],"wp:term":[{"taxonomy":"kategoria_historii","embeddable":true,"href":"https:\/\/plsk.eu\/sk\/wp-json\/wp\/v2\/kategoria_historii?post=42476"},{"taxonomy":"historii_partner_wiodacy","embeddable":true,"href":"https:\/\/plsk.eu\/sk\/wp-json\/wp\/v2\/historii_partner_wiodacy?post=42476"},{"taxonomy":"historii_partner_projektu","embeddable":true,"href":"https:\/\/plsk.eu\/sk\/wp-json\/wp\/v2\/historii_partner_projektu?post=42476"},{"taxonomy":"regiony","embeddable":true,"href":"https:\/\/plsk.eu\/sk\/wp-json\/wp\/v2\/regiony?post=42476"},{"taxonomy":"powiaty","embeddable":true,"href":"https:\/\/plsk.eu\/sk\/wp-json\/wp\/v2\/powiaty?post=42476"}],"curies":[{"name":"wp","href":"https:\/\/api.w.org\/{rel}","templated":true}]}}

Spolupráca horských záchranárov z Poľska a Slovenska

<p>Projekt má za cieľ komplexne pripraviť horských záchranárov na efektívnu cezhraničnú spoluprácu, ktorá je kľúčová pre bezpečnosť obyvateľov a turistov v oblasti Podbeskidzia a priľahlých regiónoch Slovenska (Malá Fatra, Kysuce a Orava). Dôvodom realizácie projektu je výrazný nárast počtu záchranných zásahov (o 18 %) za posledné roky, spôsobený intenzívnym turistickým ruchom, špecifickými podmienkami horského prostredia a nedostatočne rozvinutými formami stabilnej spolupráce medzi záchranárskymi jednotkami v pohraničí. Profesionálni záchranári a dobrovoľníci GOPR Beskidy spolu so záchranármi Horskej služby (Malá Fatra, Kysuce, Orava), (na časť budú pozvaní aj zástupcovia spolupracujúcich bezpečnostných zložiek napr. polície) za odbornej podpory expertov z nadácie, absolvujú spoločné odborné školenia zamerané na pátracie akcie v náročnom horskom teréne, evakuáciu zranených, zdravotnícky transport, lavínovú prevenciu, ľadovcové techniky a kondičnú prípravu. Realizované budú aj pravidelné cezhraničné cvičenia založené na realistických scenároch spoločných zásahov. Projekt predpokladá aj nákup špeciálneho záchranárskeho vybavenia, ktoré je nevyhnutné na efektívne vykonávanie školení, záchranných akcií v teréne a plnú realizáciu cvičných scenárov. Výmena skúseností, zavádzanie spoločných štandardov a postupov umožní záchranným službám lepšie reagovať na krízové situácie. Spoločná realizácia projektu prinesie trvalé výsledky, ktoré nie je možné dosiahnuť samostatne, a významne zvýši bezpečnosť obyvateľov a turistov na slovensko-poľskom pohraničí.</p>



<hr class="wp-block-separator has-alpha-channel-opacity is-style-default"/>



<div class="wp-block-media-text is-stacked-on-mobile is-image-fill-element"><figure class="wp-block-media-text__media"><img loading="lazy" decoding="async" width="1024" height="768" src="https://plsk.eu/wp-content/uploads/2026/03/Szkolenie-lawinowe-1-1024x768.jpg" alt="Grupa jedenastu mężczyzn w strojach górskich, okularach i hełmach pozuje do zdjęcia na śniegu, wraz z płachtą z logotypem Programu Interreg Polska - Słowacja 2021-2027 Skupina jedenástich mužov v horských odevoch, okuliaroch a prilbách pózuje na snehu s plachtou s logom programu Interreg Poľsko – Slovensko 2021–2027" class="wp-image-43312 size-full" style="object-position:50% 50%" srcset="https://plsk.eu/wp-content/uploads/2026/03/Szkolenie-lawinowe-1-1024x768.jpg 1024w, https://plsk.eu/wp-content/uploads/2026/03/Szkolenie-lawinowe-1-300x225.jpg 300w, https://plsk.eu/wp-content/uploads/2026/03/Szkolenie-lawinowe-1-768x576.jpg 768w, https://plsk.eu/wp-content/uploads/2026/03/Szkolenie-lawinowe-1-1536x1152.jpg 1536w, https://plsk.eu/wp-content/uploads/2026/03/Szkolenie-lawinowe-1.jpg 2048w" sizes="auto, (max-width: 1024px) 100vw, 1024px" /></figure><div class="wp-block-media-text__content">
<p>Horskí záchranári sa školia vďaka európskym prostriedkom</p>



<div class="wp-block-buttons is-content-justification-center is-layout-flex wp-container-core-buttons-is-layout-14c487f4 wp-block-buttons-is-layout-flex">
<div class="wp-block-button is-style-outline is-style-outline--1"><a class="wp-block-button__link has-white-color has-text-color has-background has-link-color has-medium-font-size has-custom-font-size wp-element-button" href="https://plsk.eu/sk/horski-zachranari-sa-skolia-vdaka-europskym-prostriedkom/" style="border-radius:10px;background-color:#183d8e;font-style:normal;font-weight:500">čitaj</a></div>
</div>
</div></div>



<hr class="wp-block-separator has-alpha-channel-opacity is-style-default"/>



<div class="wp-block-media-text is-stacked-on-mobile is-image-fill-element"><figure class="wp-block-media-text__media"><img loading="lazy" decoding="async" width="940" height="788" src="https://plsk.eu/wp-content/uploads/2025/12/Koncerencja-otwierajaca-projekt-1.png" alt="W pomieszczeniu, tyłem do zdjęcia siedzi grupa osób w bluzach ratowników górskich, która słucha prezentacji mężczyzny w bluzie ratownika górskiego. Na ekranie rzutnika zdjęcie mężczyzn w strojach ratowników górskich, obok napis kim jesteśmy? i poniżej grupa beskidzka GOPR V miestnosti, chrbtom k kamere, skupina ľudí v mikinách horskej záchrannej služby počúva prezentáciu muža v mikine horskej záchrannej služby. Na plátne projektora je fotografia mužov v uniformách horskej záchrannej služby, vedľa nápisu „Kto sme?“ a pod ním skupina Beskid Mountain Rescue Service (GOPR)." class="wp-image-42213 size-full" style="object-position:50% 50%" srcset="https://plsk.eu/wp-content/uploads/2025/12/Koncerencja-otwierajaca-projekt-1.png 940w, https://plsk.eu/wp-content/uploads/2025/12/Koncerencja-otwierajaca-projekt-1-300x251.png 300w, https://plsk.eu/wp-content/uploads/2025/12/Koncerencja-otwierajaca-projekt-1-768x644.png 768w" sizes="auto, (max-width: 940px) 100vw, 940px" /></figure><div class="wp-block-media-text__content">
<p>Reportáž z otváracej konferencie projektu</p>



<div class="wp-block-buttons is-content-justification-center is-layout-flex wp-container-core-buttons-is-layout-14c487f4 wp-block-buttons-is-layout-flex">
<div class="wp-block-button is-style-outline is-style-outline--2"><a class="wp-block-button__link has-white-color has-text-color has-background has-link-color has-medium-font-size has-custom-font-size wp-element-button" href="https://plsk.eu/sk/reportaz-z-otvaracej-konferencie-projektu-spolupraca-horskych-zachranarov-z-polska-a-slovenska/" style="border-radius:10px;background-color:#183d8e;font-style:normal;font-weight:500">čitaj</a></div>
</div>
</div></div>



<hr class="wp-block-separator has-alpha-channel-opacity is-style-default"/>



<div class="wp-block-media-text is-stacked-on-mobile is-image-fill-element"><figure class="wp-block-media-text__media"><img loading="lazy" decoding="async" width="819" height="1024" src="https://plsk.eu/wp-content/uploads/2026/02/Szkolenie-z-wykorzystaniem-dronow-2-819x1024.jpg" alt="Ratownik górski w kamizelce odblaskowej, trzyma w ręce kontroler a na oczach ma założone specjalne okulary do zdalnego kontrolowania drona Horský záchranár v reflexnej veste, s ovládačom v ruke a so špeciálnymi okuliarmi na diaľkové ovládanie dronu." class="wp-image-42878 size-full" style="object-position:50% 50%" srcset="https://plsk.eu/wp-content/uploads/2026/02/Szkolenie-z-wykorzystaniem-dronow-2-819x1024.jpg 819w, https://plsk.eu/wp-content/uploads/2026/02/Szkolenie-z-wykorzystaniem-dronow-2-240x300.jpg 240w, https://plsk.eu/wp-content/uploads/2026/02/Szkolenie-z-wykorzystaniem-dronow-2-768x960.jpg 768w, https://plsk.eu/wp-content/uploads/2026/02/Szkolenie-z-wykorzystaniem-dronow-2.jpg 1080w" sizes="auto, (max-width: 819px) 100vw, 819px" /></figure><div class="wp-block-media-text__content">
<p>Moderné technológie v službách bezpečnosti</p>



<div class="wp-block-buttons is-content-justification-center is-layout-flex wp-container-core-buttons-is-layout-14c487f4 wp-block-buttons-is-layout-flex">
<div class="wp-block-button is-style-outline is-style-outline--3"><a class="wp-block-button__link has-white-color has-text-color has-background has-link-color has-medium-font-size has-custom-font-size wp-element-button" href="https://plsk.eu/sk/moderne-technologie-v-sluzbach-bezpecnosti-spolocne-skolenie-zachranarov-z-polska-a-slovenska/" style="border-radius:10px;background-color:#183d8e;font-style:normal;font-weight:500">čitaj</a></div>
</div>
</div></div>



<hr class="wp-block-separator has-alpha-channel-opacity is-style-default"/>



<div class="wp-block-media-text is-stacked-on-mobile is-image-fill-element"><figure class="wp-block-media-text__media"><img loading="lazy" decoding="async" width="1024" height="768" src="https://plsk.eu/wp-content/uploads/2026/03/Szkolenie-lawinowe-3-1024x768.jpg" alt="Grupa siedmiu mężczyzn w strojach górskich stoi w śniegu z tyczkami do poszukiwania osób przysypanych lawiną Skupina siedmich mužov v horských odevoch stojí v snehu s tyčami na vyhľadávanie osôb zasypaných lavinou" class="wp-image-43311 size-full" style="object-position:50% 50%" srcset="https://plsk.eu/wp-content/uploads/2026/03/Szkolenie-lawinowe-3-1024x768.jpg 1024w, https://plsk.eu/wp-content/uploads/2026/03/Szkolenie-lawinowe-3-300x225.jpg 300w, https://plsk.eu/wp-content/uploads/2026/03/Szkolenie-lawinowe-3-768x576.jpg 768w, https://plsk.eu/wp-content/uploads/2026/03/Szkolenie-lawinowe-3-1536x1152.jpg 1536w, https://plsk.eu/wp-content/uploads/2026/03/Szkolenie-lawinowe-3.jpg 2048w" sizes="auto, (max-width: 1024px) 100vw, 1024px" /></figure><div class="wp-block-media-text__content">
<p>školenia zvyšujúce kvalifikáciu</p>



<div class="wp-block-buttons is-content-justification-center is-layout-flex wp-container-core-buttons-is-layout-14c487f4 wp-block-buttons-is-layout-flex">
<div class="wp-block-button is-style-outline is-style-outline--4"><a class="wp-block-button__link has-white-color has-text-color has-background has-link-color has-medium-font-size has-custom-font-size wp-element-button" href="https://plsk.eu/sk/spolupraca-horskych-zachranarov-z-polska-a-slovenska-skolenia-zvysujuce-kvalifikaciu/" style="border-radius:10px;background-color:#183d8e;font-style:normal;font-weight:500">čitaj</a></div>
</div>
</div></div>



<hr class="wp-block-separator has-alpha-channel-opacity is-style-default"/>
