{"id":42480,"date":"2026-01-09T09:23:43","date_gmt":"2026-01-09T08:23:43","guid":{"rendered":"https:\/\/plsk.eu\/?post_type=historii&#038;p=42480"},"modified":"2026-04-02T11:43:40","modified_gmt":"2026-04-02T09:43:40","slug":"veda-pre-cezhranicne-funkcne-oblasti","status":"publish","type":"historii","link":"https:\/\/plsk.eu\/sk\/projekty\/veda-pre-cezhranicne-funkcne-oblasti\/","title":{"rendered":"Veda pre cezhrani\u010dn\u00e9 funk\u010dn\u00e9 oblasti"},"content":{"rendered":"\n<p>Po\u013esko-slovensk\u00e9 pohrani\u010die sa vyzna\u010duje jedine\u010dn\u00fdm soci\u00e1lno-ekonomick\u00fdm, kult\u00farnym a pr\u00edrodn\u00fdm potenci\u00e1lom. Bohat\u00e9 dedi\u010dstvo predstavuje unik\u00e1tny znak regi\u00f3nu a faktor rozvoja, najm\u00e4 v oblastiach ako je cestovn\u00fd ruch. Tento regi\u00f3n v\u0161ak \u010del\u00ed aj mnoh\u00fdm v\u00fdzvam. Napriek podpore r\u00f4znych iniciat\u00edv a programov ch\u00fdbaj\u00fa koordinovan\u00e9 opatrenia na rie\u0161enie probl\u00e9mov na region\u00e1lnej \u00farovni. Jednotliv\u00e9 subjekty pl\u00e1nuj\u00fa svoje rozvojov\u00e9 aktivity bez konzult\u00e1ci\u00ed s odborn\u00edkmi a vedcami, pri\u010dom sa zameriavaj\u00fa len na lok\u00e1lne ciele, \u010do neumo\u017e\u0148uje dlhodob\u00e9 odstra\u0148ovanie bari\u00e9r rozvoja. Preto je nevyhnutn\u00e9 navrhn\u00fa\u0165 a implementova\u0165 efekt\u00edvne mechanizmy koordin\u00e1cie spolupr\u00e1ce medzi subjektmi z r\u00f4znych sektorov na cezhrani\u010dnej \u00farovni, ako aj vytvori\u0165 profesion\u00e1lnu platformu spolupr\u00e1ce medzi vedou, v\u00fdskumom a inov\u00e1ciami. Projekt umo\u017en\u00ed vytvorenie syst\u00e9mu dlhodobej spolupr\u00e1ce subjektov p\u00f4sobiacich v pohrani\u010d\u00ed s v\u00fdskumn\u00fdm sektorom, ktor\u00fd bude podporova\u0165 rozvoj spolo\u010dn\u00e9ho soci\u00e1lno-ekonomick\u00e9ho priestoru. Pl\u00e1nuje sa navrhnutie a podpora praktick\u00fdch kan\u00e1lov\/met\u00f3d prenosu znalost\u00ed do praxe, predov\u0161etk\u00fdm do verejn\u00e9ho sektora, podnikate\u013esk\u00e9ho sektora a sektora vzdel\u00e1vania. Spolupr\u00e1ca s v\u00fdskumn\u00fdmi in\u0161tit\u00faciami umo\u017en\u00ed vytvorenie syst\u00e9mu monitorovania soci\u00e1lno-ekonomickej situ\u00e1cie v pohrani\u010d\u00ed, najm\u00e4 v cezhrani\u010dn\u00fdch funk\u010dn\u00fdch oblastiach (TOF). To umo\u017en\u00ed identifikova\u0165 probl\u00e9my a h\u013eada\u0165 rie\u0161enia pre jednotliv\u00e9 oblasti v kontexte pl\u00e1novania bud\u00facich rozvojov\u00fdch aktiv\u00edt (projektov, iniciat\u00edv, programov), pri\u010dom sa bude vych\u00e1dza\u0165 z jednotnej zna\u010dky Karp\u00e1t \u2013 CARPATHIA. Rozvoj spolupr\u00e1ce so vzdel\u00e1vac\u00edm a v\u00fdskumn\u00fdm sektorom prispeje aj k zv\u00fd\u0161eniu znalost\u00ed medzi de\u0165mi a ml\u00e1de\u017eou (particip\u00e1cia mlad\u00fdch), \u010do je mimoriadne d\u00f4le\u017eit\u00e9 v kontexte prebiehaj\u00facej depopul\u00e1cie. Projektov\u00e9 aktivity sa bud\u00fa s\u00fastre\u010fova\u0165 na podporovan\u00e9 oblasti programu, pri\u010dom hlavnou osou bud\u00fa TOF-y, ktor\u00e9 predstavuj\u00fa k\u013e\u00fa\u010dov\u00e9 rie\u0161enie v dlhodobej perspekt\u00edve a s\u00fa \u010doraz viac podporovan\u00e9 in\u0161tit\u00faciami E\u00da.<\/p>\n\n\n\n<hr class=\"wp-block-separator has-alpha-channel-opacity is-style-default\"\/>\n\n\n\n<div class=\"wp-block-media-text is-stacked-on-mobile is-image-fill-element\"><figure class=\"wp-block-media-text__media\"><img loading=\"lazy\" decoding=\"async\" width=\"2048\" height=\"1536\" src=\"https:\/\/plsk.eu\/wp-content\/uploads\/2026\/03\/8-1024x768.jpg\" alt=\"Grupa kilkudziesi\u0119ciu m\u0119\u017cczyzn i kobiet stoi w muzeum i s\u0142ucha m\u0119\u017cczyzny, kt\u00f3ry wskazuje r\u0119k\u0105 w praw\u0105 stron\u0119 Skupina nieko\u013ek\u00fdch desiatok mu\u017eov a \u017eien stoj\u00ed v m\u00fazeu a po\u010d\u00fava mu\u017ea, ktor\u00fd ukazuje rukou doprava\" class=\"wp-image-43363 size-full\" style=\"object-position:50% 50%\" srcset=\"https:\/\/plsk.eu\/wp-content\/uploads\/2026\/03\/8-1024x768.jpg 1024w, https:\/\/plsk.eu\/wp-content\/uploads\/2026\/03\/8-300x225.jpg 300w, https:\/\/plsk.eu\/wp-content\/uploads\/2026\/03\/8-768x576.jpg 768w, https:\/\/plsk.eu\/wp-content\/uploads\/2026\/03\/8-1536x1152.jpg 1536w, https:\/\/plsk.eu\/wp-content\/uploads\/2026\/03\/8.jpg 2048w\" sizes=\"auto, (max-width: 2048px) 100vw, 2048px\" \/><\/figure><div class=\"wp-block-media-text__content\">\n<p>Otv\u00e1racia konferencia projektu<\/p>\n\n\n\n<div class=\"wp-block-buttons is-content-justification-center is-layout-flex wp-container-core-buttons-is-layout-14c487f4 wp-block-buttons-is-layout-flex\">\n<div class=\"wp-block-button is-style-outline is-style-outline--1\"><a class=\"wp-block-button__link has-white-color has-text-color has-background has-link-color has-medium-font-size has-custom-font-size wp-element-button\" href=\"https:\/\/plsk.eu\/sk\/otvaracia-konferencia-projektu-veda-pre-cezhranicne-funkcne-oblasti\/\" style=\"border-radius:10px;background-color:#183d8e;font-style:normal;font-weight:500\">\u010ditaj<\/a><\/div>\n<\/div>\n<\/div><\/div>\n\n\n\n<hr class=\"wp-block-separator has-alpha-channel-opacity is-style-default\"\/>\n","protected":false},"featured_media":43361,"menu_order":0,"template":"","meta":{"_acf_changed":false,"inline_featured_image":false,"_themeisle_gutenberg_block_has_review":false,"footnotes":"","_links_to":"","_links_to_target":""},"kategoria_historii":[1928],"historii_partner_wiodacy":[2308],"historii_partner_projektu":[2807,2809],"regiony":[],"powiaty":[],"class_list":["post-42480","historii","type-historii","status-publish","has-post-thumbnail","hentry","kategoria_historii-2021-2027-sk","historii_partner_wiodacy-zdruzenie-karpatsky-euroregion","historii_partner_projektu-mesto-medzilaborce","historii_partner_projektu-obec-jedlicze"],"acf":[],"_links":{"self":[{"href":"https:\/\/plsk.eu\/sk\/wp-json\/wp\/v2\/historii\/42480","targetHints":{"allow":["GET"]}}],"collection":[{"href":"https:\/\/plsk.eu\/sk\/wp-json\/wp\/v2\/historii"}],"about":[{"href":"https:\/\/plsk.eu\/sk\/wp-json\/wp\/v2\/types\/historii"}],"version-history":[{"count":2,"href":"https:\/\/plsk.eu\/sk\/wp-json\/wp\/v2\/historii\/42480\/revisions"}],"predecessor-version":[{"id":43436,"href":"https:\/\/plsk.eu\/sk\/wp-json\/wp\/v2\/historii\/42480\/revisions\/43436"}],"wp:featuredmedia":[{"embeddable":true,"href":"https:\/\/plsk.eu\/sk\/wp-json\/wp\/v2\/media\/43361"}],"wp:attachment":[{"href":"https:\/\/plsk.eu\/sk\/wp-json\/wp\/v2\/media?parent=42480"}],"wp:term":[{"taxonomy":"kategoria_historii","embeddable":true,"href":"https:\/\/plsk.eu\/sk\/wp-json\/wp\/v2\/kategoria_historii?post=42480"},{"taxonomy":"historii_partner_wiodacy","embeddable":true,"href":"https:\/\/plsk.eu\/sk\/wp-json\/wp\/v2\/historii_partner_wiodacy?post=42480"},{"taxonomy":"historii_partner_projektu","embeddable":true,"href":"https:\/\/plsk.eu\/sk\/wp-json\/wp\/v2\/historii_partner_projektu?post=42480"},{"taxonomy":"regiony","embeddable":true,"href":"https:\/\/plsk.eu\/sk\/wp-json\/wp\/v2\/regiony?post=42480"},{"taxonomy":"powiaty","embeddable":true,"href":"https:\/\/plsk.eu\/sk\/wp-json\/wp\/v2\/powiaty?post=42480"}],"curies":[{"name":"wp","href":"https:\/\/api.w.org\/{rel}","templated":true}]}}

Veda pre cezhraničné funkčné oblasti

<p>Poľsko-slovenské pohraničie sa vyznačuje jedinečným sociálno-ekonomickým, kultúrnym a prírodným potenciálom. Bohaté dedičstvo predstavuje unikátny znak regiónu a faktor rozvoja, najmä v oblastiach ako je cestovný ruch. Tento región však čelí aj mnohým výzvam. Napriek podpore rôznych iniciatív a programov chýbajú koordinované opatrenia na riešenie problémov na regionálnej úrovni. Jednotlivé subjekty plánujú svoje rozvojové aktivity bez konzultácií s odborníkmi a vedcami, pričom sa zameriavajú len na lokálne ciele, čo neumožňuje dlhodobé odstraňovanie bariér rozvoja. Preto je nevyhnutné navrhnúť a implementovať efektívne mechanizmy koordinácie spolupráce medzi subjektmi z rôznych sektorov na cezhraničnej úrovni, ako aj vytvoriť profesionálnu platformu spolupráce medzi vedou, výskumom a inováciami. Projekt umožní vytvorenie systému dlhodobej spolupráce subjektov pôsobiacich v pohraničí s výskumným sektorom, ktorý bude podporovať rozvoj spoločného sociálno-ekonomického priestoru. Plánuje sa navrhnutie a podpora praktických kanálov/metód prenosu znalostí do praxe, predovšetkým do verejného sektora, podnikateľského sektora a sektora vzdelávania. Spolupráca s výskumnými inštitúciami umožní vytvorenie systému monitorovania sociálno-ekonomickej situácie v pohraničí, najmä v cezhraničných funkčných oblastiach (TOF). To umožní identifikovať problémy a hľadať riešenia pre jednotlivé oblasti v kontexte plánovania budúcich rozvojových aktivít (projektov, iniciatív, programov), pričom sa bude vychádzať z jednotnej značky Karpát – CARPATHIA. Rozvoj spolupráce so vzdelávacím a výskumným sektorom prispeje aj k zvýšeniu znalostí medzi deťmi a mládežou (participácia mladých), čo je mimoriadne dôležité v kontexte prebiehajúcej depopulácie. Projektové aktivity sa budú sústreďovať na podporované oblasti programu, pričom hlavnou osou budú TOF-y, ktoré predstavujú kľúčové riešenie v dlhodobej perspektíve a sú čoraz viac podporované inštitúciami EÚ.</p>



<hr class="wp-block-separator has-alpha-channel-opacity is-style-default"/>



<div class="wp-block-media-text is-stacked-on-mobile is-image-fill-element"><figure class="wp-block-media-text__media"><img loading="lazy" decoding="async" width="2048" height="1536" src="https://plsk.eu/wp-content/uploads/2026/03/8-1024x768.jpg" alt="Grupa kilkudziesięciu mężczyzn i kobiet stoi w muzeum i słucha mężczyzny, który wskazuje ręką w prawą stronę Skupina niekoľkých desiatok mužov a žien stojí v múzeu a počúva muža, ktorý ukazuje rukou doprava" class="wp-image-43363 size-full" style="object-position:50% 50%" srcset="https://plsk.eu/wp-content/uploads/2026/03/8-1024x768.jpg 1024w, https://plsk.eu/wp-content/uploads/2026/03/8-300x225.jpg 300w, https://plsk.eu/wp-content/uploads/2026/03/8-768x576.jpg 768w, https://plsk.eu/wp-content/uploads/2026/03/8-1536x1152.jpg 1536w, https://plsk.eu/wp-content/uploads/2026/03/8.jpg 2048w" sizes="auto, (max-width: 2048px) 100vw, 2048px" /></figure><div class="wp-block-media-text__content">
<p>Otváracia konferencia projektu</p>



<div class="wp-block-buttons is-content-justification-center is-layout-flex wp-container-core-buttons-is-layout-14c487f4 wp-block-buttons-is-layout-flex">
<div class="wp-block-button is-style-outline is-style-outline--1"><a class="wp-block-button__link has-white-color has-text-color has-background has-link-color has-medium-font-size has-custom-font-size wp-element-button" href="https://plsk.eu/sk/otvaracia-konferencia-projektu-veda-pre-cezhranicne-funkcne-oblasti/" style="border-radius:10px;background-color:#183d8e;font-style:normal;font-weight:500">čitaj</a></div>
</div>
</div></div>



<hr class="wp-block-separator has-alpha-channel-opacity is-style-default"/>
