{"id":42997,"date":"2026-03-03T14:20:34","date_gmt":"2026-03-03T13:20:34","guid":{"rendered":"https:\/\/plsk.eu\/?post_type=historii&#038;p=42997"},"modified":"2026-03-03T14:32:33","modified_gmt":"2026-03-03T13:32:33","slug":"muzea-buducnosti-minoritske-centra-pre-digitalizaciu-spolocnosti","status":"publish","type":"historii","link":"https:\/\/plsk.eu\/sk\/projekty\/muzea-buducnosti-minoritske-centra-pre-digitalizaciu-spolocnosti\/","title":{"rendered":"M\u00faze\u00e1 bud\u00facnosti \u2013 Minoritsk\u00e9 centr\u00e1 pre digitaliz\u00e1ciu spolo\u010dnosti"},"content":{"rendered":"\n<p>Projekt m\u00e1 za cie\u013e ochranu, digitaliz\u00e1ciu a propag\u00e1ciu kult\u00farneho dedi\u010dstva Karpatsk\u00e9ho regi\u00f3nu, najm\u00e4 prostredn\u00edctvom konzerv\u00e1cie historick\u00fdch sakr\u00e1lnych objektov spojen\u00fdch s hist\u00f3riou a kult\u00farou franti\u0161k\u00e1nov (Kostol Nav\u0161t\u00edvenia Panny M\u00e1rie v Krosne, Kostol Sv\u00e4t\u00e9ho Ducha v Levo\u010di a Kostol Sv\u00e4t\u00e9ho Ladislava v Spi\u0161skom \u0160tvrtku &#8211; Kaplnka Nanebovzatia Panny M\u00e1rie). Projekt sa s\u00fastre\u010fuje na \u0161tyri k\u013e\u00fa\u010dov\u00e9 oblasti: pr\u00edrodu, hist\u00f3riu, kult\u00faru a digitaliz\u00e1ciu. Kult\u00farna tematick\u00e1 trasa sa zameria na o\u017eivenie franti\u0161k\u00e1nskej kult\u00fary. V Krosne vznikne multimedi\u00e1lna v\u00fdstava \u201e\u017div\u00e1 hist\u00f3ria franti\u0161k\u00e1nov\u201c. Prezentovan\u00e9 bud\u00fa trojrozmern\u00e9 vizualiz\u00e1cie a interakt\u00edvne projekcie, ktor\u00e9 umo\u017enia modern\u00fa prehliadku a hlb\u0161ie spoznanie hist\u00f3rie a \u017eivota franti\u0161k\u00e1nov v Po\u013esku a v zahrani\u010d\u00ed. Vznikne tie\u017e digit\u00e1lna franti\u0161k\u00e1nska kni\u017enica, ktor\u00e1 spr\u00edstupn\u00ed zdigitalizovan\u00e9 rukopisy a kroniky. Krosno bude z\u00e1rove\u0148 centrom pokro\u010dil\u00fdch digit\u00e1lnych technol\u00f3gi\u00ed. Vznikne laborat\u00f3rium samostatnej digitaliz\u00e1cie, ktor\u00e9 n\u00e1v\u0161tevn\u00edkom umo\u017en\u00ed vytv\u00e1ra\u0165 3D modely artefaktov a s\u00f4ch. Gener\u00e1tor poh\u013eadn\u00edc a 3D skenovacia kab\u00edna umo\u017enia vytv\u00e1ranie a tla\u010d vlastn\u00fdch suven\u00edrov. Pr\u00edrodn\u00e1 tematick\u00e1 trasa za\u010dne na Spi\u0161i a prepoj\u00ed kl\u00e1\u0161tory s atrakciami Karp\u00e1t. Mobiln\u00e1 aplik\u00e1cia umo\u017en\u00ed turistom presk\u00famava\u0165 trasy pomocou 3D m\u00e1p a pr\u00edbehov s\u00favisiacich s regi\u00f3nom. Ter\u00e9nna hra \u201eStanis\u0142aw O\u015bwi\u0119cim \u2013 Cestovate\u013e 3:0\u201c umo\u017en\u00ed \u00fa\u010dastn\u00edkom objavova\u0165 Karpaty. Historick\u00e1 tematick\u00e1 trasa za\u010dne v Levo\u010di a prepoj\u00ed kl\u00e1\u0161tory a ich vz\u00e1cne pamiatky. Levo\u010da bude miestom, kde hist\u00f3ria z\u00edska nov\u00fd rozmer v\u010faka technol\u00f3gi\u00e1m umo\u017e\u0148uj\u00facim trojrozmern\u00e9 zobrazenie vz\u00e1cnych pamiatok. Interakt\u00edvne lekcie dej\u00edn umo\u017enia hmatov\u00e9 spozn\u00e1vanie soch\u00e1rskych a architektonick\u00fdch detailov, a to aj pre osoby so zdravotn\u00fdm postihnut\u00edm. Stretnutia s reho\u013en\u00edkmi pribl\u00ed\u017eia duchovno a poslanie franti\u0161k\u00e1nov v kontexte ich p\u00f4sobenia v regi\u00f3ne.<\/p>\n","protected":false},"featured_media":28906,"menu_order":0,"template":"","meta":{"_acf_changed":false,"inline_featured_image":false,"_themeisle_gutenberg_block_has_review":false,"footnotes":"","_links_to":"","_links_to_target":""},"kategoria_historii":[1928],"historii_partner_wiodacy":[2909],"historii_partner_projektu":[2911,2913],"regiony":[],"powiaty":[],"class_list":["post-42997","historii","type-historii","status-publish","has-post-thumbnail","hentry","kategoria_historii-2021-2027-sk","historii_partner_wiodacy-klastor-navstivenia-panny-marie-radu-mensich-bratov-konventual-frantiskani","historii_partner_projektu-klastor-minoritov","historii_partner_projektu-rimskokatolicka-cirkev-farnost-spissky-stvrtok"],"acf":[],"_links":{"self":[{"href":"https:\/\/plsk.eu\/sk\/wp-json\/wp\/v2\/historii\/42997","targetHints":{"allow":["GET"]}}],"collection":[{"href":"https:\/\/plsk.eu\/sk\/wp-json\/wp\/v2\/historii"}],"about":[{"href":"https:\/\/plsk.eu\/sk\/wp-json\/wp\/v2\/types\/historii"}],"version-history":[{"count":1,"href":"https:\/\/plsk.eu\/sk\/wp-json\/wp\/v2\/historii\/42997\/revisions"}],"predecessor-version":[{"id":42998,"href":"https:\/\/plsk.eu\/sk\/wp-json\/wp\/v2\/historii\/42997\/revisions\/42998"}],"wp:featuredmedia":[{"embeddable":true,"href":"https:\/\/plsk.eu\/sk\/wp-json\/wp\/v2\/media\/28906"}],"wp:attachment":[{"href":"https:\/\/plsk.eu\/sk\/wp-json\/wp\/v2\/media?parent=42997"}],"wp:term":[{"taxonomy":"kategoria_historii","embeddable":true,"href":"https:\/\/plsk.eu\/sk\/wp-json\/wp\/v2\/kategoria_historii?post=42997"},{"taxonomy":"historii_partner_wiodacy","embeddable":true,"href":"https:\/\/plsk.eu\/sk\/wp-json\/wp\/v2\/historii_partner_wiodacy?post=42997"},{"taxonomy":"historii_partner_projektu","embeddable":true,"href":"https:\/\/plsk.eu\/sk\/wp-json\/wp\/v2\/historii_partner_projektu?post=42997"},{"taxonomy":"regiony","embeddable":true,"href":"https:\/\/plsk.eu\/sk\/wp-json\/wp\/v2\/regiony?post=42997"},{"taxonomy":"powiaty","embeddable":true,"href":"https:\/\/plsk.eu\/sk\/wp-json\/wp\/v2\/powiaty?post=42997"}],"curies":[{"name":"wp","href":"https:\/\/api.w.org\/{rel}","templated":true}]}}

Múzeá budúcnosti – Minoritské centrá pre digitalizáciu spoločnosti

<p>Projekt má za cieľ ochranu, digitalizáciu a propagáciu kultúrneho dedičstva Karpatského regiónu, najmä prostredníctvom konzervácie historických sakrálnych objektov spojených s históriou a kultúrou františkánov (Kostol Navštívenia Panny Márie v Krosne, Kostol Svätého Ducha v Levoči a Kostol Svätého Ladislava v Spišskom Štvrtku &#8211; Kaplnka Nanebovzatia Panny Márie). Projekt sa sústreďuje na štyri kľúčové oblasti: prírodu, históriu, kultúru a digitalizáciu. Kultúrna tematická trasa sa zameria na oživenie františkánskej kultúry. V Krosne vznikne multimediálna výstava „Živá história františkánov“. Prezentované budú trojrozmerné vizualizácie a interaktívne projekcie, ktoré umožnia modernú prehliadku a hlbšie spoznanie histórie a života františkánov v Poľsku a v zahraničí. Vznikne tiež digitálna františkánska knižnica, ktorá sprístupní zdigitalizované rukopisy a kroniky. Krosno bude zároveň centrom pokročilých digitálnych technológií. Vznikne laboratórium samostatnej digitalizácie, ktoré návštevníkom umožní vytvárať 3D modely artefaktov a sôch. Generátor pohľadníc a 3D skenovacia kabína umožnia vytváranie a tlač vlastných suvenírov. Prírodná tematická trasa začne na Spiši a prepojí kláštory s atrakciami Karpát. Mobilná aplikácia umožní turistom preskúmavať trasy pomocou 3D máp a príbehov súvisiacich s regiónom. Terénna hra „Stanisław Oświęcim – Cestovateľ 3:0“ umožní účastníkom objavovať Karpaty. Historická tematická trasa začne v Levoči a prepojí kláštory a ich vzácne pamiatky. Levoča bude miestom, kde história získa nový rozmer vďaka technológiám umožňujúcim trojrozmerné zobrazenie vzácnych pamiatok. Interaktívne lekcie dejín umožnia hmatové spoznávanie sochárskych a architektonických detailov, a to aj pre osoby so zdravotným postihnutím. Stretnutia s rehoľníkmi priblížia duchovno a poslanie františkánov v kontexte ich pôsobenia v regióne.</p>
