{"id":43008,"date":"2026-03-03T15:15:35","date_gmt":"2026-03-03T14:15:35","guid":{"rendered":"https:\/\/plsk.eu\/?post_type=historii&#038;p=43008"},"modified":"2026-03-03T15:19:43","modified_gmt":"2026-03-03T14:19:43","slug":"dukla-svidnik-na-dvoch-kolesach","status":"publish","type":"historii","link":"https:\/\/plsk.eu\/sk\/projekty\/dukla-svidnik-na-dvoch-kolesach\/","title":{"rendered":"Dukla &#8211; Svidn\u00edk na dvoch koles\u00e1ch"},"content":{"rendered":"\n<p>Probl\u00e9mom po\u013esko-slovensk\u00e9ho prihrani\u010dn\u00e9ho \u00fazemia, ktor\u00e9ho sa projekt t\u00fdka, je nedostato\u010dn\u00e9 vyu\u017eitie ter\u00e9nu, pr\u00edrodn\u00fdch a kult\u00farnych (vr\u00e1tane historick\u00fdch) hodn\u00f4t pre rozvoj cezhrani\u010dnej cykloturistiky &#8211; ch\u00fdbaj\u00face jednotne vyzna\u010den\u00e9 cyklistick\u00e9 spojenie medzi Duklou a Svidn\u00edkom po bezpe\u010dn\u00fdch tras\u00e1ch. Cezhrani\u010dn\u00e1 cyklotrasa Dukla-Svidn\u00edk na dvoch koles\u00e1ch ved\u00faca cez Duklu a Svidn\u00edk bude za\u010d\u00edna\u0165 vo Wietrzne, v Grodzisku vybudujeme 4,36 km dlh\u00fd singletrack so zna\u010den\u00edm a infra\u0161trukt\u00farou, napojen\u00fd na cyklistick\u00fd chodn\u00edk sp\u00e1jaj\u00faci pr\u00edrodn\u00e9, historicky a kult\u00farne zauj\u00edmav\u00e9 miesta na po\u013eskej a slovenskej strane. Vo Svidn\u00edku popri rieke Ondava bude vybudovan\u00e1 cyklotrasa dlh\u00e1 2,08 km, ktor\u00e1 sa napoj\u00ed sa na cezhrani\u010dn\u00fa cyklotrasu Dukla-Svidn\u00edk na dvoch koles\u00e1ch. Cezhrani\u010dn\u00e1 cyklotrasa bude veden\u00e1 po lesn\u00fdch, \u0161trkov\u00fdch a \u010diasto\u010dne asfaltov\u00fdch cest\u00e1ch. Na z\u00e1ver projektu sa na po\u013eskej a slovenskej strane zorganizuj\u00fa cyklistick\u00e9 podujatia. D\u013a\u017eka cezhrani\u010dnej cyklotrasy na po\u013eskej strane bude pribli\u017ene 35,16 km a na slovenskej strane pribli\u017ene 25,28 km. Na chodn\u00edku bude vybudovan\u00e1 drobn\u00e1 turistick\u00e1 infra\u0161trukt\u00fara: informa\u010dn\u00e9 tabule, samoobslu\u017en\u00e9 stanice na opravu bicyklov a nab\u00edjacie stanice elektrobicyklov, pr\u00edstre\u0161ok vo Wietrzne, na Dukle. Na Dukle v MOSiR vznikne po\u017ei\u010dov\u0148a bicyklov. Cie\u013eom projektu je propag\u00e1cia pohrani\u010dia vytvoren\u00edm cezhrani\u010dnej cyklotrasy \u201eDukla \u2013 Svidn\u00edk na dvoch koles\u00e1ch\u201c, propag\u00e1ciou pr\u00edrodn\u00fdch a kult\u00farnych hodn\u00f4t na celej trase a pr\u00edpravou trojjazy\u010dn\u00e9ho (po\u013esky, slovensky, anglicky) cyklistick\u00e9ho sprievodcu. Navrhnut\u00e1 cezhrani\u010dn\u00e1 cyklotrasa prispeje k zv\u00fd\u0161eniu cezhrani\u010dn\u00e9ho cestovn\u00e9ho ruchu v tomto regi\u00f3ne a zv\u00fd\u0161i v\u00fdznam pohrani\u010dia ako atrakt\u00edvnej turistickej a kult\u00farnej destin\u00e1cie.<\/p>\n","protected":false},"featured_media":28906,"menu_order":0,"template":"","meta":{"_acf_changed":false,"inline_featured_image":false,"_themeisle_gutenberg_block_has_review":false,"footnotes":"","_links_to":"","_links_to_target":""},"kategoria_historii":[1928],"historii_partner_wiodacy":[2919],"historii_partner_projektu":[2285],"regiony":[],"powiaty":[],"class_list":["post-43008","historii","type-historii","status-publish","has-post-thumbnail","hentry","kategoria_historii-2021-2027-sk","historii_partner_wiodacy-obec-dukla","historii_partner_projektu-miasto-svidnik-sk"],"acf":[],"_links":{"self":[{"href":"https:\/\/plsk.eu\/sk\/wp-json\/wp\/v2\/historii\/43008","targetHints":{"allow":["GET"]}}],"collection":[{"href":"https:\/\/plsk.eu\/sk\/wp-json\/wp\/v2\/historii"}],"about":[{"href":"https:\/\/plsk.eu\/sk\/wp-json\/wp\/v2\/types\/historii"}],"version-history":[{"count":2,"href":"https:\/\/plsk.eu\/sk\/wp-json\/wp\/v2\/historii\/43008\/revisions"}],"predecessor-version":[{"id":43010,"href":"https:\/\/plsk.eu\/sk\/wp-json\/wp\/v2\/historii\/43008\/revisions\/43010"}],"wp:featuredmedia":[{"embeddable":true,"href":"https:\/\/plsk.eu\/sk\/wp-json\/wp\/v2\/media\/28906"}],"wp:attachment":[{"href":"https:\/\/plsk.eu\/sk\/wp-json\/wp\/v2\/media?parent=43008"}],"wp:term":[{"taxonomy":"kategoria_historii","embeddable":true,"href":"https:\/\/plsk.eu\/sk\/wp-json\/wp\/v2\/kategoria_historii?post=43008"},{"taxonomy":"historii_partner_wiodacy","embeddable":true,"href":"https:\/\/plsk.eu\/sk\/wp-json\/wp\/v2\/historii_partner_wiodacy?post=43008"},{"taxonomy":"historii_partner_projektu","embeddable":true,"href":"https:\/\/plsk.eu\/sk\/wp-json\/wp\/v2\/historii_partner_projektu?post=43008"},{"taxonomy":"regiony","embeddable":true,"href":"https:\/\/plsk.eu\/sk\/wp-json\/wp\/v2\/regiony?post=43008"},{"taxonomy":"powiaty","embeddable":true,"href":"https:\/\/plsk.eu\/sk\/wp-json\/wp\/v2\/powiaty?post=43008"}],"curies":[{"name":"wp","href":"https:\/\/api.w.org\/{rel}","templated":true}]}}

Dukla &#8211; Svidník na dvoch kolesách

<p>Problémom poľsko-slovenského prihraničného územia, ktorého sa projekt týka, je nedostatočné využitie terénu, prírodných a kultúrnych (vrátane historických) hodnôt pre rozvoj cezhraničnej cykloturistiky &#8211; chýbajúce jednotne vyznačené cyklistické spojenie medzi Duklou a Svidníkom po bezpečných trasách. Cezhraničná cyklotrasa Dukla-Svidník na dvoch kolesách vedúca cez Duklu a Svidník bude začínať vo Wietrzne, v Grodzisku vybudujeme 4,36 km dlhý singletrack so značením a infraštruktúrou, napojený na cyklistický chodník spájajúci prírodné, historicky a kultúrne zaujímavé miesta na poľskej a slovenskej strane. Vo Svidníku popri rieke Ondava bude vybudovaná cyklotrasa dlhá 2,08 km, ktorá sa napojí sa na cezhraničnú cyklotrasu Dukla-Svidník na dvoch kolesách. Cezhraničná cyklotrasa bude vedená po lesných, štrkových a čiastočne asfaltových cestách. Na záver projektu sa na poľskej a slovenskej strane zorganizujú cyklistické podujatia. Dĺžka cezhraničnej cyklotrasy na poľskej strane bude približne 35,16 km a na slovenskej strane približne 25,28 km. Na chodníku bude vybudovaná drobná turistická infraštruktúra: informačné tabule, samoobslužné stanice na opravu bicyklov a nabíjacie stanice elektrobicyklov, prístrešok vo Wietrzne, na Dukle. Na Dukle v MOSiR vznikne požičovňa bicyklov. Cieľom projektu je propagácia pohraničia vytvorením cezhraničnej cyklotrasy „Dukla – Svidník na dvoch kolesách“, propagáciou prírodných a kultúrnych hodnôt na celej trase a prípravou trojjazyčného (poľsky, slovensky, anglicky) cyklistického sprievodcu. Navrhnutá cezhraničná cyklotrasa prispeje k zvýšeniu cezhraničného cestovného ruchu v tomto regióne a zvýši význam pohraničia ako atraktívnej turistickej a kultúrnej destinácie.</p>
