{"id":43783,"date":"2026-04-28T12:47:09","date_gmt":"2026-04-28T10:47:09","guid":{"rendered":"https:\/\/plsk.eu\/?post_type=wydarzenia&#038;p=43783"},"modified":"2026-04-28T12:47:10","modified_gmt":"2026-04-28T10:47:10","slug":"bieszczadsky-cyklisticky-festival-cisna","status":"publish","type":"wydarzenia","link":"https:\/\/plsk.eu\/sk\/wydarzenia\/bieszczadsky-cyklisticky-festival-cisna\/","title":{"rendered":"Bieszczadsk\u00fd cyklistick\u00fd festival &#8211; Cisna"},"content":{"rendered":"\n<p>U\u017e 10. m\u00e1ja 2026 o 9:00 sa za\u010dne v\u00fdnimo\u010dn\u00e9 podujatie propaguj\u00face akt\u00edvny oddych, cykloturistiku a pr\u00edrodn\u00e9 kr\u00e1sy regi\u00f3nu. Bieszczadsk\u00fd cyklistick\u00fd festival sp\u00e1ja rekre\u00e1ciu, integr\u00e1ciu obyvate\u013eov a turistov, ako aj objavovanie najkraj\u0161\u00edch tr\u00e1s Bieszczad. Podujatie m\u00e1 rekrea\u010dn\u00fd charakter \u2013 nejde o \u0161portov\u00fa s\u00fa\u0165a\u017e, ale o spolo\u010dn\u00fd z\u00e1\u017eitok ur\u010den\u00fd v\u0161etk\u00fdm milovn\u00edkom bicyklov a akt\u00edvneho tr\u00e1venia vo\u013en\u00e9ho \u010dasu.<\/p>\n\n\n\n<p>Trasa cyklojazdy je pribli\u017ene 25 km. Okrem toho v r\u00e1mci piknikovej z\u00f3ny bude na \u00fa\u010dastn\u00edkov \u010daka\u0165 relaxa\u010dn\u00e1 z\u00f3na, meste\u010dko pre deti, gastronomick\u00e1 z\u00f3na, ako aj prezent\u00e1cie a aktivity na podporu cykloturistiky.<\/p>\n\n\n\n<p>Festival sa realizuje v r\u00e1mci projektu \u201eSpoznaj po\u013esko-slovensk\u00e9 Bieszczady prostredn\u00edctvom elektromobility\u201c, ktor\u00e9ho cie\u013eom je rozvoj cykloturistiky, integr\u00e1cia miestnych komun\u00edt a propag\u00e1cia regi\u00f3nu ako modernej a dostupnej turistickej destin\u00e1cie.<\/p>\n\n\n\n<figure class=\"wp-block-image size-large\"><img loading=\"lazy\" decoding=\"async\" width=\"723\" height=\"1024\" src=\"https:\/\/plsk.eu\/wp-content\/uploads\/2026\/05\/Cisna-Plakat-723x1024.jpg\" alt=\"\" class=\"wp-image-43711\" srcset=\"https:\/\/plsk.eu\/wp-content\/uploads\/2026\/05\/Cisna-Plakat-723x1024.jpg 723w, https:\/\/plsk.eu\/wp-content\/uploads\/2026\/05\/Cisna-Plakat-212x300.jpg 212w, https:\/\/plsk.eu\/wp-content\/uploads\/2026\/05\/Cisna-Plakat-768x1087.jpg 768w, https:\/\/plsk.eu\/wp-content\/uploads\/2026\/05\/Cisna-Plakat.jpg 1054w\" sizes=\"auto, (max-width: 723px) 100vw, 723px\" \/><\/figure>\n","protected":false},"excerpt":{"rendered":"<p>U\u017e 10. m\u00e1ja 2026 o 9:00 sa za\u010dne v\u00fdnimo\u010dn\u00e9 podujatie propaguj\u00face akt\u00edvny oddych, cykloturistiku a pr\u00edrodn\u00e9 kr\u00e1sy regi\u00f3nu. Bieszczadsk\u00fd cyklistick\u00fd festival sp\u00e1ja rekre\u00e1ciu, integr\u00e1ciu obyvate\u013eov a turistov, ako aj objavovanie najkraj\u0161\u00edch tr\u00e1s Bieszczad. Podujatie m\u00e1 rekrea\u010dn\u00fd charakter \u2013 nejde o \u0161portov\u00fa s\u00fa\u0165a\u017e, ale o spolo\u010dn\u00fd z\u00e1\u017eitok ur\u010den\u00fd v\u0161etk\u00fdm milovn\u00edkom bicyklov a akt\u00edvneho tr\u00e1venia vo\u013en\u00e9ho \u010dasu. [&hellip;]<\/p>\n","protected":false},"featured_media":43711,"menu_order":0,"template":"","meta":{"_acf_changed":false,"inline_featured_image":false,"_themeisle_gutenberg_block_has_review":false,"footnotes":"","_links_to":"","_links_to_target":""},"tags":[],"wydarzenia_typ":[2971],"obszar_wydarzenia":[],"wydarzenia_dla":[],"class_list":["post-43783","wydarzenia","type-wydarzenia","status-publish","has-post-thumbnail","hentry","wydarzenia_typ-cyklisticky-vylet"],"acf":[],"_links":{"self":[{"href":"https:\/\/plsk.eu\/sk\/wp-json\/wp\/v2\/wydarzenia\/43783","targetHints":{"allow":["GET"]}}],"collection":[{"href":"https:\/\/plsk.eu\/sk\/wp-json\/wp\/v2\/wydarzenia"}],"about":[{"href":"https:\/\/plsk.eu\/sk\/wp-json\/wp\/v2\/types\/wydarzenia"}],"version-history":[{"count":1,"href":"https:\/\/plsk.eu\/sk\/wp-json\/wp\/v2\/wydarzenia\/43783\/revisions"}],"predecessor-version":[{"id":43784,"href":"https:\/\/plsk.eu\/sk\/wp-json\/wp\/v2\/wydarzenia\/43783\/revisions\/43784"}],"wp:featuredmedia":[{"embeddable":true,"href":"https:\/\/plsk.eu\/sk\/wp-json\/wp\/v2\/media\/43711"}],"wp:attachment":[{"href":"https:\/\/plsk.eu\/sk\/wp-json\/wp\/v2\/media?parent=43783"}],"wp:term":[{"taxonomy":"post_tag","embeddable":true,"href":"https:\/\/plsk.eu\/sk\/wp-json\/wp\/v2\/tags?post=43783"},{"taxonomy":"wydarzenia_typ","embeddable":true,"href":"https:\/\/plsk.eu\/sk\/wp-json\/wp\/v2\/wydarzenia_typ?post=43783"},{"taxonomy":"obszar_wydarzenia","embeddable":true,"href":"https:\/\/plsk.eu\/sk\/wp-json\/wp\/v2\/obszar_wydarzenia?post=43783"},{"taxonomy":"wydarzenia_dla","embeddable":true,"href":"https:\/\/plsk.eu\/sk\/wp-json\/wp\/v2\/wydarzenia_dla?post=43783"}],"curies":[{"name":"wp","href":"https:\/\/api.w.org\/{rel}","templated":true}]}}

Bieszczadský cyklistický festival &#8211; Cisna

<p>Už 10. mája 2026 o 9:00 sa začne výnimočné podujatie propagujúce aktívny oddych, cykloturistiku a prírodné krásy regiónu. Bieszczadský cyklistický festival spája rekreáciu, integráciu obyvateľov a turistov, ako aj objavovanie najkrajších trás Bieszczad. Podujatie má rekreačný charakter – nejde o športovú súťaž, ale o spoločný zážitok určený všetkým milovníkom bicyklov a aktívneho trávenia voľného času.</p>



<p>Trasa cyklojazdy je približne 25 km. Okrem toho v rámci piknikovej zóny bude na účastníkov čakať relaxačná zóna, mestečko pre deti, gastronomická zóna, ako aj prezentácie a aktivity na podporu cykloturistiky.</p>



<p>Festival sa realizuje v rámci projektu „Spoznaj poľsko-slovenské Bieszczady prostredníctvom elektromobility“, ktorého cieľom je rozvoj cykloturistiky, integrácia miestnych komunít a propagácia regiónu ako modernej a dostupnej turistickej destinácie.</p>



<figure class="wp-block-image size-large"><img loading="lazy" decoding="async" width="723" height="1024" src="https://plsk.eu/wp-content/uploads/2026/05/Cisna-Plakat-723x1024.jpg" alt="" class="wp-image-43711" srcset="https://plsk.eu/wp-content/uploads/2026/05/Cisna-Plakat-723x1024.jpg 723w, https://plsk.eu/wp-content/uploads/2026/05/Cisna-Plakat-212x300.jpg 212w, https://plsk.eu/wp-content/uploads/2026/05/Cisna-Plakat-768x1087.jpg 768w, https://plsk.eu/wp-content/uploads/2026/05/Cisna-Plakat.jpg 1054w" sizes="auto, (max-width: 723px) 100vw, 723px" /></figure>

<p>Už 10. mája 2026 o 9:00 sa začne výnimočné podujatie propagujúce aktívny oddych, cykloturistiku a prírodné krásy regiónu. Bieszczadský cyklistický festival spája rekreáciu, integráciu obyvateľov a turistov, ako aj objavovanie najkrajších trás Bieszczad. Podujatie má rekreačný charakter – nejde o športovú súťaž, ale o spoločný zážitok určený všetkým milovníkom bicyklov a aktívneho trávenia voľného času. [&hellip;]</p>
