{"id":45481,"date":"2026-09-01T11:16:53","date_gmt":"2026-09-01T09:16:53","guid":{"rendered":"https:\/\/plsk.eu\/?post_type=wydarzenia&#038;p=45481"},"modified":"2026-09-01T14:12:28","modified_gmt":"2026-09-01T12:12:28","slug":"informacno-propagacne-stretnutie-v-rycerke-gornej","status":"publish","type":"wydarzenia","link":"https:\/\/plsk.eu\/sk\/wydarzenia\/informacno-propagacne-stretnutie-v-rycerke-gornej\/","title":{"rendered":"Informa\u010dno-propaga\u010dn\u00e9 stretnutie v Rycerke G\u00f3rnej"},"content":{"rendered":"\n<p class=\"wp-block-paragraph\">Bezpe\u010dnej\u0161ie po\u013esko-slovensk\u00e9 pohrani\u010die pre v\u0161etk\u00fdch! \u2013 t\u00fato spr\u00e1vu adresujeme obyvate\u013eom a turistom nav\u0161tevuj\u00facim na\u0161e pohrani\u010die. A t\u00e1to spr\u00e1va sa sp\u00e1ja s podujat\u00edm organizovan\u00fdm 5. septembra 2026 v obci Rycerka G\u00f3rna.<\/p>\n\n\n\n<p class=\"wp-block-paragraph\">V sobotu 5. septembra t. r. v\u00e1s zvome na stretnutie s programom Interreg Po\u013esko-Slovensko do Rycerky G\u00f3rnej. Region\u00e1lne kontaktn\u00e9 miesto Interreg Po\u013esko-Slovensko v Sliezskom vojvodstve bude od 14.00 hod. spolu s partnermi projektu \u201eZdokona\u013eovanie spolupr\u00e1ce v oblasti kr\u00edzov\u00e9ho riadenia po\u013esk\u00fdch a slovensk\u00fdch z\u00e1chran\u00e1rskych zlo\u017eiek\u201c hovori\u0165 o tom, ako sa po\u013esko-slovensk\u00e9 pohrani\u010die men\u00ed v\u010faka cezhrani\u010dn\u00fdm projektom, najm\u00e4 v kontexte bezpe\u010dnosti.<\/p>\n\n\n\n<p class=\"wp-block-paragraph\">Budeme tam spolu s hasi\u010dmi, ktor\u00ed odpovedia na ot\u00e1zky t\u00fdkaj\u00face sa bezpe\u010dnosti a pochv\u00e1lia sa technikou a vybaven\u00edm pou\u017e\u00edvan\u00fdm po\u010das z\u00e1sahov.<\/p>\n\n\n\n<p class=\"wp-block-paragraph\">Pre najmen\u0161\u00edch aj t\u00fdch trochu star\u0161\u00edch sme pripravili kv\u00edzy, kr\u00ed\u017eovky a h\u00e1danky s drobn\u00fdmi odmenami.<\/p>\n\n\n\n<p class=\"wp-block-paragraph\"><\/p>\n","protected":false},"excerpt":{"rendered":"<p>Bezpe\u010dnej\u0161ie po\u013esko-slovensk\u00e9 pohrani\u010die pre v\u0161etk\u00fdch! \u2013 t\u00fato spr\u00e1vu adresujeme obyvate\u013eom a turistom nav\u0161tevuj\u00facim na\u0161e pohrani\u010die. A t\u00e1to spr\u00e1va sa sp\u00e1ja s podujat\u00edm organizovan\u00fdm 5. septembra 2026 v obci Rycerka G\u00f3rna. V sobotu 5. septembra t. r. v\u00e1s zvome na stretnutie s programom Interreg Po\u013esko-Slovensko do Rycerky G\u00f3rnej. Region\u00e1lne kontaktn\u00e9 miesto Interreg Po\u013esko-Slovensko v Sliezskom vojvodstve [&hellip;]<\/p>\n","protected":false},"featured_media":45486,"menu_order":0,"template":"","meta":{"_acf_changed":false,"inline_featured_image":false,"_themeisle_gutenberg_block_has_review":false,"footnotes":"","_links_to":"","_links_to_target":""},"tags":[],"wydarzenia_typ":[3008],"obszar_wydarzenia":[2506],"wydarzenia_dla":[2981],"class_list":["post-45481","wydarzenia","type-wydarzenia","status-publish","has-post-thumbnail","hentry","wydarzenia_typ-informacno-propagacne-stretnutie","obszar_wydarzenia-spotkanie-informacyjne-sk","wydarzenia_dla-siroka-verejnost-vratane-obyvatelov-a-turistov"],"acf":[],"_links":{"self":[{"href":"https:\/\/plsk.eu\/sk\/wp-json\/wp\/v2\/wydarzenia\/45481","targetHints":{"allow":["GET"]}}],"collection":[{"href":"https:\/\/plsk.eu\/sk\/wp-json\/wp\/v2\/wydarzenia"}],"about":[{"href":"https:\/\/plsk.eu\/sk\/wp-json\/wp\/v2\/types\/wydarzenia"}],"version-history":[{"count":3,"href":"https:\/\/plsk.eu\/sk\/wp-json\/wp\/v2\/wydarzenia\/45481\/revisions"}],"predecessor-version":[{"id":45488,"href":"https:\/\/plsk.eu\/sk\/wp-json\/wp\/v2\/wydarzenia\/45481\/revisions\/45488"}],"wp:featuredmedia":[{"embeddable":true,"href":"https:\/\/plsk.eu\/sk\/wp-json\/wp\/v2\/media\/45486"}],"wp:attachment":[{"href":"https:\/\/plsk.eu\/sk\/wp-json\/wp\/v2\/media?parent=45481"}],"wp:term":[{"taxonomy":"post_tag","embeddable":true,"href":"https:\/\/plsk.eu\/sk\/wp-json\/wp\/v2\/tags?post=45481"},{"taxonomy":"wydarzenia_typ","embeddable":true,"href":"https:\/\/plsk.eu\/sk\/wp-json\/wp\/v2\/wydarzenia_typ?post=45481"},{"taxonomy":"obszar_wydarzenia","embeddable":true,"href":"https:\/\/plsk.eu\/sk\/wp-json\/wp\/v2\/obszar_wydarzenia?post=45481"},{"taxonomy":"wydarzenia_dla","embeddable":true,"href":"https:\/\/plsk.eu\/sk\/wp-json\/wp\/v2\/wydarzenia_dla?post=45481"}],"curies":[{"name":"wp","href":"https:\/\/api.w.org\/{rel}","templated":true}]}}

Informačno-propagačné stretnutie v Rycerke Górnej

<p class="wp-block-paragraph">Bezpečnejšie poľsko-slovenské pohraničie pre všetkých! – túto správu adresujeme obyvateľom a turistom navštevujúcim naše pohraničie. A táto správa sa spája s podujatím organizovaným 5. septembra 2026 v obci Rycerka Górna.</p>



<p class="wp-block-paragraph">V sobotu 5. septembra t. r. vás zvome na stretnutie s programom Interreg Poľsko-Slovensko do Rycerky Górnej. Regionálne kontaktné miesto Interreg Poľsko-Slovensko v Sliezskom vojvodstve bude od 14.00 hod. spolu s partnermi projektu „Zdokonaľovanie spolupráce v oblasti krízového riadenia poľských a slovenských záchranárskych zložiek“ hovoriť o tom, ako sa poľsko-slovenské pohraničie mení vďaka cezhraničným projektom, najmä v kontexte bezpečnosti.</p>



<p class="wp-block-paragraph">Budeme tam spolu s hasičmi, ktorí odpovedia na otázky týkajúce sa bezpečnosti a pochvália sa technikou a vybavením používaným počas zásahov.</p>



<p class="wp-block-paragraph">Pre najmenších aj tých trochu starších sme pripravili kvízy, krížovky a hádanky s drobnými odmenami.</p>



<p class="wp-block-paragraph"></p>

<p>Bezpečnejšie poľsko-slovenské pohraničie pre všetkých! – túto správu adresujeme obyvateľom a turistom navštevujúcim naše pohraničie. A táto správa sa spája s podujatím organizovaným 5. septembra 2026 v obci Rycerka Górna. V sobotu 5. septembra t. r. vás zvome na stretnutie s programom Interreg Poľsko-Slovensko do Rycerky Górnej. Regionálne kontaktné miesto Interreg Poľsko-Slovensko v Sliezskom vojvodstve [&hellip;]</p>
